Last updated on 2023-12-08 00:51:49 CET.
Flavor | Version | Tinstall | Tcheck | Ttotal | Status | Flags |
---|---|---|---|---|---|---|
r-devel-linux-x86_64-debian-clang | 0.1.8 | 33.45 | 275.73 | 309.18 | NOTE | |
r-devel-linux-x86_64-debian-gcc | 0.1.8 | 28.41 | 205.19 | 233.60 | NOTE | |
r-devel-linux-x86_64-fedora-clang | 0.1.8 | 390.81 | OK | |||
r-devel-linux-x86_64-fedora-gcc | 0.1.8 | 388.39 | OK | |||
r-devel-windows-x86_64 | 0.1.8 | 33.00 | 231.00 | 264.00 | OK | |
r-patched-linux-x86_64 | 0.1.8 | 35.25 | 277.22 | 312.47 | OK | |
r-release-linux-x86_64 | 0.1.8 | 28.16 | 265.35 | 293.51 | OK | |
r-release-macos-arm64 | 0.1.8 | 111.00 | OK | |||
r-release-macos-x86_64 | 0.1.8 | 182.00 | NOTE | |||
r-release-windows-x86_64 | 0.1.8 | 41.00 | 302.00 | 343.00 | OK | |
r-oldrel-macos-arm64 | 0.1.8 | 72.00 | OK | |||
r-oldrel-macos-x86_64 | 0.1.8 | 130.00 | OK | |||
r-oldrel-windows-x86_64 | 0.1.8 | 38.00 | 285.00 | 323.00 | OK |
Version: 0.1.8
Check: Rd files
Result: NOTE
checkRd: (-1) DE.Rd:43: Lost braces in \itemize; meant \describe ?
checkRd: (-1) DE.Rd:44: Lost braces in \itemize; meant \describe ?
checkRd: (-1) DE.Rd:45: Lost braces in \itemize; meant \describe ?
checkRd: (-1) DE.Rd:46: Lost braces in \itemize; meant \describe ?
checkRd: (-1) DEzs.Rd:58: Lost braces in \itemize; meant \describe ?
checkRd: (-1) DEzs.Rd:59: Lost braces in \itemize; meant \describe ?
checkRd: (-1) DEzs.Rd:60: Lost braces in \itemize; meant \describe ?
checkRd: (-1) DEzs.Rd:61: Lost braces in \itemize; meant \describe ?
Flavors: r-devel-linux-x86_64-debian-clang, r-devel-linux-x86_64-debian-gcc
Version: 0.1.8
Check: package dependencies
Result: NOTE
Package suggested but not available for checking: ‘sensitivity’
Flavor: r-release-macos-x86_64