Last updated on 2024-04-17 16:53:00 CEST.
Flavor | Version | Tinstall | Tcheck | Ttotal | Status | Flags |
---|---|---|---|---|---|---|
r-devel-linux-x86_64-debian-clang | 2.0.4 | 124.48 | 100.61 | 225.09 | OK | |
r-devel-linux-x86_64-debian-gcc | 2.0.4 | 95.80 | 80.43 | 176.23 | OK | |
r-devel-linux-x86_64-fedora-clang | 2.0.4 | 261.74 | OK | |||
r-devel-linux-x86_64-fedora-gcc | 2.0.4 | 299.25 | OK | |||
r-prerel-macos-arm64 | 2.0.4 | 70.00 | NOTE | |||
r-prerel-windows-x86_64 | 2.0.4 | 83.00 | 113.00 | 196.00 | OK | |
r-patched-linux-x86_64 | 2.0.4 | 125.59 | 104.48 | 230.07 | OK | |
r-release-linux-x86_64 | 2.0.4 | 115.27 | 103.88 | 219.15 | OK | |
r-release-macos-arm64 | 2.0.4 | 75.00 | NOTE | |||
r-release-macos-x86_64 | 2.0.4 | 171.00 | NOTE | |||
r-release-windows-x86_64 | 2.0.4 | 105.00 | 139.00 | 244.00 | OK | |
r-oldrel-macos-arm64 | 2.0.4 | 73.00 | NOTE | |||
r-oldrel-windows-x86_64 | 2.0.4 | 101.00 | 132.00 | 233.00 | OK |
Version: 2.0.4
Check: installed package size
Result: NOTE
installed size is 31.1Mb
sub-directories of 1Mb or more:
libs 30.1Mb
Flavors: r-prerel-macos-arm64, r-release-macos-arm64, r-release-macos-x86_64, r-oldrel-macos-arm64