Last updated on 2024-03-27 23:59:38 CET.
Flavor | Version | Tinstall | Tcheck | Ttotal | Status | Flags |
---|---|---|---|---|---|---|
r-devel-linux-x86_64-debian-clang | 1.1.3 | 322.68 | 418.70 | 741.38 | OK | |
r-devel-linux-x86_64-debian-gcc | 1.1.3 | 314.65 | 388.97 | 703.62 | OK | |
r-devel-linux-x86_64-fedora-clang | 1.1.3 | 859.02 | NOTE | |||
r-devel-linux-x86_64-fedora-gcc | 1.1.3 | 1234.03 | NOTE | |||
r-devel-windows-x86_64 | 1.1.3 | 255.00 | 451.00 | 706.00 | NOTE | |
r-patched-linux-x86_64 | 1.1.3 | 257.86 | 466.76 | 724.62 | OK | |
r-release-linux-x86_64 | 1.1.3 | 268.30 | 582.41 | 850.71 | OK | |
r-release-macos-arm64 | 1.1.3 | 328.00 | NOTE | |||
r-release-macos-x86_64 | 1.1.3 | 694.00 | NOTE | |||
r-release-windows-x86_64 | 1.1.3 | 326.00 | 546.00 | 872.00 | NOTE | |
r-oldrel-macos-arm64 | 1.1.3 | 300.00 | NOTE | |||
r-oldrel-windows-x86_64 | 1.1.3 | 317.00 | 475.00 | 792.00 | NOTE |
Version: 1.1.3
Check: installed package size
Result: NOTE
installed size is 5.8Mb
sub-directories of 1Mb or more:
data 1.7Mb
libs 3.5Mb
Flavors: r-devel-linux-x86_64-fedora-clang, r-devel-windows-x86_64, r-release-macos-arm64, r-release-macos-x86_64, r-release-windows-x86_64, r-oldrel-macos-arm64, r-oldrel-windows-x86_64
Version: 1.1.3
Check: for GNU extensions in Makefiles
Result: NOTE
GNU make is a SystemRequirements.
Flavors: r-devel-linux-x86_64-fedora-clang, r-devel-linux-x86_64-fedora-gcc, r-release-macos-arm64, r-release-macos-x86_64, r-oldrel-macos-arm64