Last updated on 2023-12-10 08:48:18 CET.
Flavor | Version | Tinstall | Tcheck | Ttotal | Status | Flags |
---|---|---|---|---|---|---|
r-devel-linux-x86_64-debian-clang | 1.1.4 | 237.52 | 160.72 | 398.24 | OK | |
r-devel-linux-x86_64-debian-gcc | 1.1.4 | 192.58 | 123.66 | 316.24 | OK | |
r-devel-linux-x86_64-fedora-clang | 1.1.4 | 493.33 | NOTE | |||
r-devel-linux-x86_64-fedora-gcc | 1.1.4 | 593.95 | NOTE | |||
r-devel-windows-x86_64 | 1.1.4 | 180.00 | 164.00 | 344.00 | OK | |
r-patched-linux-x86_64 | 1.1.4 | 161.49 | 160.24 | 321.73 | OK | |
r-release-linux-x86_64 | 1.1.4 | 171.51 | 159.31 | 330.82 | OK | |
r-release-macos-arm64 | 1.1.4 | 133.00 | NOTE | |||
r-release-macos-x86_64 | 1.1.4 | 204.00 | NOTE | |||
r-release-windows-x86_64 | 1.1.4 | 228.00 | 193.00 | 421.00 | OK | |
r-oldrel-macos-arm64 | 1.1.4 | 119.00 | NOTE | |||
r-oldrel-macos-x86_64 | 1.1.4 | 157.00 | NOTE | |||
r-oldrel-windows-x86_64 | 1.1.4 | 216.00 | 175.00 | 391.00 | OK |
Version: 1.1.4
Check: for GNU extensions in Makefiles
Result: NOTE
GNU make is a SystemRequirements.
Flavors: r-devel-linux-x86_64-fedora-clang, r-devel-linux-x86_64-fedora-gcc, r-release-macos-arm64, r-release-macos-x86_64, r-oldrel-macos-arm64, r-oldrel-macos-x86_64
Version: 1.1.4
Check: installed package size
Result: NOTE
installed size is 51.9Mb
sub-directories of 1Mb or more:
libs 51.3Mb
Flavors: r-release-macos-arm64, r-release-macos-x86_64, r-oldrel-macos-arm64, r-oldrel-macos-x86_64