Last updated on 2024-04-24 00:55:36 CEST.
Flavor | Version | Tinstall | Tcheck | Ttotal | Status | Flags |
---|---|---|---|---|---|---|
r-devel-linux-x86_64-debian-clang | 0.1.5 | 23.85 | 37.73 | 61.58 | OK | |
r-devel-linux-x86_64-debian-gcc | 0.1.5 | 15.67 | 28.08 | 43.75 | OK | |
r-devel-linux-x86_64-fedora-clang | 0.1.5 | 84.20 | NOTE | |||
r-devel-linux-x86_64-fedora-gcc | 0.1.5 | 70.51 | NOTE | |||
r-prerel-macos-arm64 | 0.1.5 | 27.00 | OK | |||
r-prerel-macos-x86_64 | 0.1.5 | 35.00 | OK | |||
r-prerel-windows-x86_64 | 0.1.5 | 20.00 | 59.00 | 79.00 | OK | |
r-patched-linux-x86_64 | 0.1.5 | 20.18 | 35.67 | 55.85 | OK | |
r-release-linux-x86_64 | 0.1.5 | 15.04 | 35.65 | 50.69 | OK | |
r-release-macos-arm64 | 0.1.5 | 27.00 | OK | |||
r-release-macos-x86_64 | 0.1.5 | 38.00 | OK | |||
r-release-windows-x86_64 | 0.1.5 | 22.00 | 74.00 | 96.00 | OK | |
r-oldrel-macos-arm64 | 0.1.5 | 24.00 | NOTE | |||
r-oldrel-windows-x86_64 | 0.1.5 | 23.00 | 74.00 | 97.00 | OK |
Version: 0.1.5
Check: dependencies in R code
Result: NOTE
Namespace in Imports field not imported from: ‘BiDAG’
All declared Imports should be used.
Flavors: r-devel-linux-x86_64-fedora-clang, r-devel-linux-x86_64-fedora-gcc, r-oldrel-macos-arm64