CRAN Package Check Results for Package BiProbitPartial

Last updated on 2021-06-20 12:50:02 CEST.

Flavor Version Tinstall Tcheck Ttotal Status Flags
r-devel-linux-x86_64-debian-clang 1.0.3 45.37 46.92 92.29 OK
r-devel-linux-x86_64-debian-gcc 1.0.3 27.89 36.05 63.94 OK
r-devel-linux-x86_64-fedora-clang 1.0.3 128.24 OK
r-devel-linux-x86_64-fedora-gcc 1.0.3 110.00 OK
r-devel-windows-x86_64 1.0.3 51.00 61.00 112.00 OK
r-devel-windows-x86_64-gcc10-UCRT 1.0.3 ERROR
r-patched-linux-x86_64 1.0.3 36.75 45.25 82.00 OK
r-patched-solaris-x86 1.0.3 128.00 OK
r-release-linux-x86_64 1.0.3 36.24 45.19 81.43 OK
r-release-macos-arm64 1.0.3 OK
r-release-macos-x86_64 1.0.3 OK
r-release-windows-ix86+x86_64 1.0.3 95.00 111.00 206.00 OK
r-oldrel-macos-x86_64 1.0.3 OK
r-oldrel-windows-ix86+x86_64 1.0.3 72.00 110.00 182.00 OK

Check Details

Version: 1.0.3
Check: package dependencies
Result: NOTE
    Package suggested but not available for checking: 'sampleSelection'
Flavor: r-devel-windows-x86_64-gcc10-UCRT

Version: 1.0.3
Check: examples
Result: ERROR
    Running examples in 'BiProbitPartial-Ex.R' failed
    The error most likely occurred in:
    
    > ### Name: BiProbitPartial
    > ### Title: Bivariate probit with partial observability
    > ### Aliases: BiProbitPartial
    >
    > ### ** Examples
    >
    > data('Mroz87',package = 'sampleSelection')
    Error in find.package(package, lib.loc, verbose = verbose) :
     there is no package called 'sampleSelection'
    Calls: data -> find.package
    Execution halted
Flavor: r-devel-windows-x86_64-gcc10-UCRT