Last updated on 2023-05-28 23:13:53 CEST.
Flavor | Version | Tinstall | Tcheck | Ttotal | Status | Flags |
---|---|---|---|---|---|---|
r-devel-linux-x86_64-debian-clang | 0.3.4 | 3.81 | 44.60 | 48.41 | NOTE | |
r-devel-linux-x86_64-debian-gcc | 0.3.4 | 3.57 | 34.36 | 37.93 | NOTE | |
r-devel-linux-x86_64-fedora-clang | 0.3.4 | 60.73 | NOTE | |||
r-devel-linux-x86_64-fedora-gcc | 0.3.4 | 73.43 | NOTE | |||
r-devel-windows-x86_64 | 0.3.4 | 19.00 | 54.00 | 73.00 | NOTE | |
r-patched-linux-x86_64 | 0.3.4 | 4.17 | 42.15 | 46.32 | NOTE | |
r-release-linux-x86_64 | 0.3.4 | 4.56 | 42.29 | 46.85 | NOTE | |
r-release-macos-arm64 | 0.3.4 | 30.00 | NOTE | |||
r-release-macos-x86_64 | 0.3.4 | 47.00 | NOTE | |||
r-release-windows-x86_64 | 0.3.4 | 6.00 | 63.00 | 69.00 | NOTE | |
r-oldrel-macos-arm64 | 0.3.4 | 22.00 | NOTE | |||
r-oldrel-macos-x86_64 | 0.3.4 | 31.00 | NOTE | |||
r-oldrel-windows-x86_64 | 0.3.4 | 7.00 | 63.00 | 70.00 | NOTE |
Version: 0.3.4
Check: LazyData
Result: NOTE
'LazyData' is specified without a 'data' directory
Flavors: r-devel-linux-x86_64-debian-clang, r-devel-linux-x86_64-debian-gcc, r-devel-linux-x86_64-fedora-clang, r-devel-linux-x86_64-fedora-gcc, r-devel-windows-x86_64, r-patched-linux-x86_64, r-release-linux-x86_64, r-release-macos-arm64, r-release-macos-x86_64, r-release-windows-x86_64, r-oldrel-macos-arm64, r-oldrel-macos-x86_64, r-oldrel-windows-x86_64