CRAN Package Check Results for Package BioCircos

Last updated on 2024-06-25 00:57:53 CEST.

Flavor Version Tinstall Tcheck Ttotal Status Flags
r-devel-linux-x86_64-debian-clang 0.3.4 5.06 46.28 51.34 NOTE
r-devel-linux-x86_64-debian-gcc 0.3.4 3.46 36.15 39.61 NOTE
r-devel-linux-x86_64-fedora-clang 0.3.4 65.91 NOTE
r-devel-linux-x86_64-fedora-gcc 0.3.4 75.56 NOTE
r-devel-windows-x86_64 0.3.4 5.00 58.00 63.00 NOTE
r-patched-linux-x86_64 0.3.4 4.99 46.15 51.14 NOTE
r-release-linux-x86_64 0.3.4 3.50 45.47 48.97 NOTE
r-release-macos-arm64 0.3.4 30.00 NOTE
r-release-macos-x86_64 0.3.4 47.00 NOTE
r-release-windows-x86_64 0.3.4 5.00 57.00 62.00 NOTE
r-oldrel-macos-arm64 0.3.4 30.00 NOTE
r-oldrel-macos-x86_64 0.3.4 47.00 NOTE
r-oldrel-windows-x86_64 0.3.4 6.00 64.00 70.00 NOTE

Check Details

Version: 0.3.4
Check: LazyData
Result: NOTE 'LazyData' is specified without a 'data' directory Flavors: r-devel-linux-x86_64-debian-clang, r-devel-linux-x86_64-debian-gcc, r-devel-linux-x86_64-fedora-clang, r-devel-linux-x86_64-fedora-gcc, r-devel-windows-x86_64, r-patched-linux-x86_64, r-release-linux-x86_64, r-release-macos-arm64, r-release-macos-x86_64, r-release-windows-x86_64, r-oldrel-macos-arm64, r-oldrel-macos-x86_64, r-oldrel-windows-x86_64