Last updated on 2023-02-04 01:54:13 CET.
Flavor | Version | Tinstall | Tcheck | Ttotal | Status | Flags |
---|---|---|---|---|---|---|
r-devel-linux-x86_64-debian-clang | 1.1.0 | 3.85 | 36.29 | 40.14 | OK | |
r-devel-linux-x86_64-debian-gcc | 1.1.0 | 2.08 | 27.37 | 29.45 | OK | |
r-devel-linux-x86_64-fedora-clang | 1.1.0 | 50.35 | OK | |||
r-devel-linux-x86_64-fedora-gcc | 1.1.0 | 59.85 | OK | |||
r-devel-windows-x86_64 | 1.1.0 | 19.00 | 64.00 | 83.00 | OK | |
r-patched-linux-x86_64 | 1.1.0 | 3.55 | 34.62 | 38.17 | OK | |
r-release-linux-x86_64 | 1.1.0 | 2.50 | 36.02 | 38.52 | OK | |
r-release-macos-arm64 | 1.1.0 | 21.00 | OK | |||
r-release-macos-x86_64 | 1.1.0 | 52.00 | OK | |||
r-release-windows-x86_64 | 1.1.0 | 20.00 | 69.00 | 89.00 | OK | |
r-oldrel-macos-arm64 | 1.1.0 | 25.00 | OK | |||
r-oldrel-macos-x86_64 | 1.1.0 | 49.00 | OK | |||
r-oldrel-windows-ix86+x86_64 | 1.1.0 | 11.00 | 64.00 | 75.00 | ERROR |
Version: 1.1.0
Check: PDF version of manual
Result: WARN
LaTeX errors when creating PDF version.
This typically indicates Rd problems.
LaTeX errors found:
! Package inputenc Error: Unicode char รข<c2><80><c2><90> (U+2010)
(inputenc) not set up for use with LaTeX.
See the inputenc package documentation for explanation.
Type H <return> for immediate help.
Flavor: r-oldrel-windows-ix86+x86_64
Version: 1.1.0
Check: PDF version of manual without hyperrefs or index
Result: ERROR
Flavor: r-oldrel-windows-ix86+x86_64