CRAN Package Check Results for Package BioVenn

Last updated on 2024-07-17 08:55:08 CEST.

Flavor Version Tinstall Tcheck Ttotal Status Flags
r-devel-linux-x86_64-debian-clang 1.1.3 25.45 215.64 241.09 OK
r-devel-linux-x86_64-debian-gcc 1.1.3 19.42 159.64 179.06 OK
r-devel-linux-x86_64-fedora-clang 1.1.3 318.10 OK
r-devel-linux-x86_64-fedora-gcc 1.1.3 294.90 OK
r-devel-windows-x86_64 1.1.3 19.00 146.00 165.00 OK
r-patched-linux-x86_64 1.1.3 13.71 207.19 220.90 OK
r-release-linux-x86_64 1.1.3 14.25 210.12 224.37 OK
r-release-macos-arm64 1.1.3 84.00 OK
r-release-macos-x86_64 1.1.3 126.00 OK
r-release-windows-x86_64 1.1.3 2.00 5.00 7.00 ERROR
r-oldrel-macos-arm64 1.1.3 84.00 OK
r-oldrel-macos-x86_64 1.1.3 147.00 OK
r-oldrel-windows-x86_64 1.1.3 2.00 8.00 10.00 ERROR

Check Details

Version: 1.1.3
Check: whether package can be installed
Result: ERROR Installation failed. Flavors: r-release-windows-x86_64, r-oldrel-windows-x86_64