Last updated on 2024-04-18 01:02:44 CEST.
Flavor | Version | Tinstall | Tcheck | Ttotal | Status | Flags |
---|---|---|---|---|---|---|
r-devel-linux-x86_64-debian-clang | 0.4 | 65.19 | 201.71 | 266.90 | NOTE | |
r-devel-linux-x86_64-debian-gcc | 0.4 | 50.93 | 149.44 | 200.37 | NOTE | |
r-devel-linux-x86_64-fedora-clang | 0.4 | 343.11 | NOTE | |||
r-devel-linux-x86_64-fedora-gcc | 0.4 | 347.23 | NOTE | |||
r-prerel-macos-arm64 | 0.4 | 79.00 | NOTE | |||
r-prerel-windows-x86_64 | 0.4 | 55.00 | 176.00 | 231.00 | NOTE | |
r-patched-linux-x86_64 | 0.4 | 62.39 | 195.83 | 258.22 | NOTE | |
r-release-linux-x86_64 | 0.4 | 68.68 | 200.61 | 269.29 | NOTE | |
r-release-macos-arm64 | 0.4 | 89.00 | NOTE | |||
r-release-macos-x86_64 | 0.4 | 119.00 | NOTE | |||
r-release-windows-x86_64 | 0.4 | 68.00 | 216.00 | 284.00 | NOTE | |
r-oldrel-macos-arm64 | 0.4 | 83.00 | OK | |||
r-oldrel-windows-x86_64 | 0.4 | 61.00 | 209.00 | 270.00 | OK |
Version: 0.4
Check: Rd files
Result: NOTE
checkRd: (-1) CalcROC.Rd:47: Lost braces
47 | The accuracy of the classifier is the mean value of dQuote{(optSn, optSp)} for two-class problem and the mean value of \dQuote{(optSn, optSp,optS3)} for three-class problem.
| ^
Flavors: r-devel-linux-x86_64-debian-clang, r-devel-linux-x86_64-debian-gcc, r-devel-linux-x86_64-fedora-clang, r-devel-linux-x86_64-fedora-gcc, r-prerel-macos-arm64, r-prerel-windows-x86_64, r-patched-linux-x86_64
Version: 0.4
Check: Rd \usage sections
Result: NOTE
S3 methods shown with full name in Rd file 'select.cfs.Rd':
‘select.cfs’
S3 methods shown with full name in Rd file 'select.fast.filter.Rd':
‘select.fast.filter’
S3 methods shown with full name in Rd file 'select.forward.Corr.Rd':
‘select.forward.Corr’
S3 methods shown with full name in Rd file 'select.forward.wrapper.Rd':
‘select.forward.wrapper’
S3 methods shown with full name in Rd file 'select.inf.chi2.Rd':
‘select.inf.chi2’
S3 methods shown with full name in Rd file 'select.inf.gain.Rd':
‘select.inf.gain’
S3 methods shown with full name in Rd file 'select.inf.symm.Rd':
‘select.inf.symm’
S3 methods shown with full name in Rd file 'select.process.Rd':
‘select.process’
S3 methods shown with full name in Rd file 'select.relief.Rd':
‘select.relief’
The \usage entries for S3 methods should use the \method markup and not
their full name.
See chapter ‘Writing R documentation files’ in the ‘Writing R
Extensions’ manual.
Flavors: r-devel-linux-x86_64-debian-clang, r-devel-linux-x86_64-debian-gcc, r-devel-linux-x86_64-fedora-clang, r-devel-linux-x86_64-fedora-gcc, r-prerel-macos-arm64, r-prerel-windows-x86_64, r-patched-linux-x86_64
Version: 0.4
Check: Rd \usage sections
Result: NOTE
S3 methods shown with full name in documentation object 'select.cfs':
‘select.cfs’
S3 methods shown with full name in documentation object 'select.fast.filter':
‘select.fast.filter’
S3 methods shown with full name in documentation object 'select.forward.Corr':
‘select.forward.Corr’
S3 methods shown with full name in documentation object 'select.forward.wrapper':
‘select.forward.wrapper’
S3 methods shown with full name in documentation object 'select.inf.chi2':
‘select.inf.chi2’
S3 methods shown with full name in documentation object 'select.inf.gain':
‘select.inf.gain’
S3 methods shown with full name in documentation object 'select.inf.symm':
‘select.inf.symm’
S3 methods shown with full name in documentation object 'select.process':
‘select.process’
S3 methods shown with full name in documentation object 'select.relief':
‘select.relief’
The \usage entries for S3 methods should use the \method markup and not
their full name.
See chapter ‘Writing R documentation files’ in the ‘Writing R
Extensions’ manual.
Flavors: r-release-linux-x86_64, r-release-macos-arm64, r-release-macos-x86_64, r-release-windows-x86_64