Last updated on 2023-12-02 16:49:08 CET.
Flavor | Version | Tinstall | Tcheck | Ttotal | Status | Flags |
---|---|---|---|---|---|---|
r-devel-linux-x86_64-debian-clang | 2.2.1 | 7.51 | 64.74 | 72.25 | NOTE | |
r-devel-linux-x86_64-debian-gcc | 2.2.1 | 5.28 | 47.66 | 52.94 | NOTE | |
r-devel-linux-x86_64-fedora-clang | 2.2.1 | 86.25 | NOTE | |||
r-devel-linux-x86_64-fedora-gcc | 2.2.1 | 82.37 | NOTE | |||
r-devel-windows-x86_64 | 2.2.1 | 7.00 | 75.00 | 82.00 | NOTE | |
r-patched-linux-x86_64 | 2.2.1 | 3.92 | 61.86 | 65.78 | OK | |
r-release-linux-x86_64 | 2.2.1 | 4.19 | 60.55 | 64.74 | OK | |
r-release-macos-arm64 | 2.2.1 | 30.00 | OK | |||
r-release-macos-x86_64 | 2.2.1 | 44.00 | OK | |||
r-release-windows-x86_64 | 2.2.1 | 9.00 | 81.00 | 90.00 | OK | |
r-oldrel-macos-arm64 | 2.2.1 | 34.00 | NOTE | |||
r-oldrel-macos-x86_64 | 2.2.1 | 38.00 | NOTE | |||
r-oldrel-windows-x86_64 | 2.2.1 | 9.00 | 82.00 | 91.00 | OK |
Version: 2.2.1
Check: Rd contents
Result: NOTE
Argument items with no description in Rd file 'export.dyadic.Rd':
‘blauObj’
Flavors: r-devel-linux-x86_64-debian-clang, r-devel-linux-x86_64-debian-gcc, r-devel-linux-x86_64-fedora-clang, r-devel-linux-x86_64-fedora-gcc, r-devel-windows-x86_64
Version: 2.2.1
Check: dependencies in R code
Result: NOTE
Namespaces in Imports field not imported from:
‘digest’ ‘ergm’ ‘foreign’ ‘gWidgets2’ ‘gWidgets2tcltk’ ‘haven’
‘plot3D’ ‘plot3Drgl’ ‘rgl’ ‘sna’ ‘statnet.common’
All declared Imports should be used.
Flavors: r-devel-linux-x86_64-fedora-clang, r-devel-linux-x86_64-fedora-gcc, r-oldrel-macos-arm64, r-oldrel-macos-x86_64