Last updated on 2023-12-09 00:52:33 CET.
Flavor | Version | Tinstall | Tcheck | Ttotal | Status | Flags |
---|---|---|---|---|---|---|
r-devel-linux-x86_64-debian-clang | 0.1.4 | 37.92 | 32.64 | 70.56 | NOTE | |
r-devel-linux-x86_64-debian-gcc | 0.1.4 | 27.59 | 25.31 | 52.90 | NOTE | |
r-devel-linux-x86_64-fedora-clang | 0.1.4 | 100.74 | NOTE | |||
r-devel-linux-x86_64-fedora-gcc | 0.1.4 | 103.00 | NOTE | |||
r-devel-windows-x86_64 | 0.1.4 | 32.00 | 69.00 | 101.00 | NOTE | |
r-patched-linux-x86_64 | 0.1.4 | 31.94 | 32.38 | 64.32 | NOTE | |
r-release-linux-x86_64 | 0.1.4 | 34.61 | 31.76 | 66.37 | NOTE | |
r-release-macos-arm64 | 0.1.4 | 30.00 | NOTE | |||
r-release-macos-x86_64 | 0.1.4 | 51.00 | NOTE | |||
r-release-windows-x86_64 | 0.1.4 | 38.00 | 77.00 | 115.00 | NOTE | |
r-oldrel-macos-arm64 | 0.1.4 | 36.00 | OK | |||
r-oldrel-macos-x86_64 | 0.1.4 | 42.00 | OK | |||
r-oldrel-windows-x86_64 | 0.1.4 | 39.00 | 74.00 | 113.00 | OK |
Version: 0.1.4
Check: C++ specification
Result: NOTE
Specified C++11: please drop specification unless essential
Flavors: r-devel-linux-x86_64-debian-clang, r-devel-linux-x86_64-debian-gcc, r-devel-linux-x86_64-fedora-clang, r-devel-linux-x86_64-fedora-gcc, r-devel-windows-x86_64, r-patched-linux-x86_64, r-release-linux-x86_64, r-release-macos-arm64, r-release-macos-x86_64, r-release-windows-x86_64
Version: 0.1.4
Check: package subdirectories
Result: NOTE
Problems with news in ‘NEWS.md’:
No news entries found.
Flavors: r-devel-linux-x86_64-debian-clang, r-devel-linux-x86_64-debian-gcc, r-devel-linux-x86_64-fedora-clang, r-devel-linux-x86_64-fedora-gcc, r-devel-windows-x86_64, r-patched-linux-x86_64, r-release-linux-x86_64, r-release-macos-arm64, r-release-macos-x86_64, r-release-windows-x86_64