CRAN Package Check Results for Package BoltzMM

Last updated on 2023-06-05 16:54:49 CEST.

Flavor Version Tinstall Tcheck Ttotal Status Flags
r-devel-linux-x86_64-debian-clang 0.1.4 38.63 31.65 70.28 NOTE
r-devel-linux-x86_64-debian-gcc 0.1.4 30.11 25.18 55.29 NOTE
r-devel-linux-x86_64-fedora-clang 0.1.4 101.47 NOTE
r-devel-linux-x86_64-fedora-gcc 0.1.4 101.78 NOTE
r-devel-windows-x86_64 0.1.4 31.00 65.00 96.00 NOTE
r-patched-linux-x86_64 0.1.4 35.59 30.48 66.07 NOTE
r-release-linux-x86_64 0.1.4 30.80 30.81 61.61 NOTE
r-release-macos-arm64 0.1.4 30.00 NOTE
r-release-macos-x86_64 0.1.4 51.00 NOTE
r-release-windows-x86_64 0.1.4 39.00 78.00 117.00 NOTE
r-oldrel-macos-arm64 0.1.4 36.00 OK
r-oldrel-macos-x86_64 0.1.4 42.00 OK
r-oldrel-windows-x86_64 0.1.4 38.00 73.00 111.00 OK

Check Details

Version: 0.1.4
Check: C++ specification
Result: NOTE
     Specified C++11: please drop specification unless essential
Flavors: r-devel-linux-x86_64-debian-clang, r-devel-linux-x86_64-debian-gcc, r-devel-linux-x86_64-fedora-clang, r-devel-linux-x86_64-fedora-gcc, r-devel-windows-x86_64, r-patched-linux-x86_64, r-release-linux-x86_64, r-release-macos-arm64, r-release-macos-x86_64, r-release-windows-x86_64

Version: 0.1.4
Check: package subdirectories
Result: NOTE
    Problems with news in ‘NEWS.md’:
    No news entries found.
Flavors: r-devel-linux-x86_64-debian-clang, r-devel-linux-x86_64-debian-gcc, r-devel-linux-x86_64-fedora-clang, r-devel-linux-x86_64-fedora-gcc, r-devel-windows-x86_64, r-patched-linux-x86_64, r-release-linux-x86_64, r-release-macos-arm64, r-release-macos-x86_64, r-release-windows-x86_64