Last updated on 2024-04-19 16:58:36 CEST.
Flavor | Version | Tinstall | Tcheck | Ttotal | Status | Flags |
---|---|---|---|---|---|---|
r-devel-linux-x86_64-debian-clang | 1.0.5 | 3.79 | 42.24 | 46.03 | OK | |
r-devel-linux-x86_64-debian-gcc | 1.0.5 | OK | ||||
r-devel-linux-x86_64-fedora-clang | 1.0.5 | 59.42 | OK | |||
r-devel-linux-x86_64-fedora-gcc | 1.0.5 | 55.49 | OK | |||
r-prerel-macos-arm64 | 1.0.5 | 21.00 | OK | |||
r-prerel-windows-x86_64 | 1.0.5 | 4.00 | 53.00 | 57.00 | NOTE | |
r-patched-linux-x86_64 | 1.0.5 | 3.38 | 42.06 | 45.44 | OK | |
r-release-linux-x86_64 | 1.0.5 | 3.18 | 41.95 | 45.13 | OK | |
r-release-macos-arm64 | 1.0.5 | 22.00 | OK | |||
r-release-macos-x86_64 | 1.0.5 | 32.00 | OK | |||
r-release-windows-x86_64 | 1.0.5 | 5.00 | 58.00 | 63.00 | NOTE | |
r-oldrel-macos-arm64 | 1.0.5 | 23.00 | OK | |||
r-oldrel-windows-x86_64 | 1.0.5 | 4.00 | 66.00 | 70.00 | NOTE |
Version: 1.0.5
Check: package dependencies
Result: NOTE
Package suggested but not available for checking: 'doMC'
Flavors: r-prerel-windows-x86_64, r-release-windows-x86_64, r-oldrel-windows-x86_64