Last updated on 2024-04-20 00:56:01 CEST.
Flavor | Version | Tinstall | Tcheck | Ttotal | Status | Flags |
---|---|---|---|---|---|---|
r-devel-linux-x86_64-debian-clang | 2.1.5 | 172.21 | 79.95 | 252.16 | OK | |
r-devel-linux-x86_64-debian-gcc | 2.1.5 | OK | ||||
r-devel-linux-x86_64-fedora-clang | 2.1.5 | 363.08 | OK | |||
r-devel-linux-x86_64-fedora-gcc | 2.1.5 | 386.39 | OK | |||
r-prerel-macos-arm64 | 2.1.5 | 112.00 | NOTE | |||
r-prerel-macos-x86_64 | 2.1.5 | 168.00 | NOTE | |||
r-prerel-windows-x86_64 | 2.1.5 | 131.00 | 123.00 | 254.00 | OK | |
r-patched-linux-x86_64 | 2.1.5 | 168.70 | 77.18 | 245.88 | OK | |
r-release-linux-x86_64 | 2.1.5 | 176.63 | 76.26 | 252.89 | OK | |
r-release-macos-arm64 | 2.1.5 | 114.00 | NOTE | |||
r-release-macos-x86_64 | 2.1.5 | 235.00 | NOTE | |||
r-release-windows-x86_64 | 2.1.5 | 146.00 | 133.00 | 279.00 | OK | |
r-oldrel-macos-arm64 | 2.1.5 | 93.00 | NOTE | |||
r-oldrel-windows-x86_64 | 2.1.5 | 155.00 | 122.00 | 277.00 | OK |
Version: 2.1.5
Check: installed package size
Result: NOTE
installed size is 8.0Mb
sub-directories of 1Mb or more:
libs 7.5Mb
Flavors: r-prerel-macos-arm64, r-prerel-macos-x86_64, r-release-macos-arm64, r-release-macos-x86_64, r-oldrel-macos-arm64