Last updated on 2024-03-28 23:55:02 CET.
Flavor | Version | Tinstall | Tcheck | Ttotal | Status | Flags |
---|---|---|---|---|---|---|
r-devel-linux-x86_64-debian-clang | 3.0.2 | 128.09 | 298.97 | 427.06 | OK | |
r-devel-linux-x86_64-debian-gcc | 3.0.2 | 108.91 | 245.94 | 354.85 | OK | |
r-devel-linux-x86_64-fedora-clang | 3.0.2 | 560.97 | OK | |||
r-devel-linux-x86_64-fedora-gcc | 3.0.2 | 580.11 | OK | |||
r-devel-windows-x86_64 | 3.0.2 | 102.00 | 145.00 | 247.00 | OK | --no-examples --no-tests --no-vignettes |
r-patched-linux-x86_64 | 3.0.2 | 140.64 | 310.55 | 451.19 | OK | |
r-release-linux-x86_64 | 3.0.2 | 129.32 | 313.98 | 443.30 | OK | |
r-release-macos-arm64 | 3.0.2 | 138.00 | NOTE | |||
r-release-macos-x86_64 | 3.0.2 | 311.00 | NOTE | |||
r-release-windows-x86_64 | 3.0.2 | 128.00 | 139.00 | 267.00 | OK | --no-examples --no-tests --no-vignettes |
r-oldrel-macos-arm64 | 3.0.2 | 119.00 | NOTE | |||
r-oldrel-windows-x86_64 | 3.0.2 | 126.00 | 133.00 | 259.00 | OK | --no-examples --no-tests --no-vignettes |
Version: 3.0.2
Check: installed package size
Result: NOTE
installed size is 8.3Mb
sub-directories of 1Mb or more:
libs 6.9Mb
Flavors: r-release-macos-arm64, r-release-macos-x86_64, r-oldrel-macos-arm64