Last updated on 2023-12-06 00:58:08 CET.
Flavor | Version | Tinstall | Tcheck | Ttotal | Status | Flags |
---|---|---|---|---|---|---|
r-devel-linux-x86_64-debian-clang | 4.0 | 102.95 | 317.99 | 420.94 | OK | |
r-devel-linux-x86_64-debian-gcc | 4.0 | 81.77 | 233.64 | 315.41 | OK | |
r-devel-linux-x86_64-fedora-clang | 4.0 | 535.90 | OK | |||
r-devel-linux-x86_64-fedora-gcc | 4.0 | 584.34 | OK | |||
r-devel-windows-x86_64 | 4.0 | 79.00 | 249.00 | 328.00 | OK | |
r-patched-linux-x86_64 | 4.0 | 69.78 | 297.79 | 367.57 | OK | |
r-release-linux-x86_64 | 4.0 | 73.63 | 302.30 | 375.93 | OK | |
r-release-macos-arm64 | 4.0 | 176.00 | NOTE | |||
r-release-macos-x86_64 | 4.0 | 298.00 | NOTE | |||
r-release-windows-x86_64 | 4.0 | 101.00 | 304.00 | 405.00 | OK | |
r-oldrel-macos-arm64 | 4.0 | 139.00 | NOTE | |||
r-oldrel-macos-x86_64 | 3.3.1 | 165.00 | NOTE | |||
r-oldrel-windows-x86_64 | 4.0 | 98.00 | 299.00 | 397.00 | OK |
Version: 4.0
Check: installed package size
Result: NOTE
installed size is 9.1Mb
sub-directories of 1Mb or more:
R 2.0Mb
libs 5.9Mb
Flavors: r-release-macos-arm64, r-release-macos-x86_64, r-oldrel-macos-arm64
Version: 3.3.1
Check: installed package size
Result: NOTE
installed size is 8.7Mb
sub-directories of 1Mb or more:
libs 6.8Mb
Flavor: r-oldrel-macos-x86_64