Last updated on 2024-03-28 23:55:02 CET.
Flavor | Version | Tinstall | Tcheck | Ttotal | Status | Flags |
---|---|---|---|---|---|---|
r-devel-linux-x86_64-debian-clang | 8.2-6 | 196.52 | 182.82 | 379.34 | NOTE | |
r-devel-linux-x86_64-debian-gcc | 8.2-6 | 141.39 | 129.68 | 271.07 | NOTE | |
r-devel-linux-x86_64-fedora-clang | 8.2-6 | 521.12 | NOTE | |||
r-devel-linux-x86_64-fedora-gcc | 8.2-6 | 486.74 | NOTE | |||
r-devel-windows-x86_64 | 8.2-6 | 144.00 | 178.00 | 322.00 | NOTE | |
r-patched-linux-x86_64 | 8.2-6 | 177.82 | 175.27 | 353.09 | NOTE | |
r-release-linux-x86_64 | 8.2-6 | 174.97 | 171.96 | 346.93 | OK | |
r-release-macos-arm64 | 8.2-6 | 109.00 | NOTE | |||
r-release-macos-x86_64 | 8.2-6 | 200.00 | NOTE | |||
r-release-windows-x86_64 | 8.2-6 | 182.00 | 210.00 | 392.00 | OK | |
r-oldrel-macos-arm64 | 8.2-6 | 109.00 | NOTE | |||
r-oldrel-windows-x86_64 | 8.2-6 | 168.00 | 220.00 | 388.00 | OK |
Version: 8.2-6
Check: Rd files
Result: NOTE
checkRd: (-1) data.dtmr.Rd:57: Lost braces; missing escapes or markup?
57 | \code{RU}: {Referent units}
| ^
checkRd: (-1) data.dtmr.Rd:59: Lost braces; missing escapes or markup?
59 | \code{PI}: {Partitioning and iterating attribute}
| ^
checkRd: (-1) data.dtmr.Rd:61: Lost braces; missing escapes or markup?
61 | \code{APP}: {Appropriateness attribute}
| ^
checkRd: (-1) data.dtmr.Rd:63: Lost braces; missing escapes or markup?
63 | \code{MC}: {Multiplicative Comparison attribute}
| ^
Flavors: r-devel-linux-x86_64-debian-clang, r-devel-linux-x86_64-debian-gcc, r-devel-linux-x86_64-fedora-clang, r-devel-linux-x86_64-fedora-gcc, r-devel-windows-x86_64, r-patched-linux-x86_64
Version: 8.2-6
Check: installed package size
Result: NOTE
installed size is 6.2Mb
sub-directories of 1Mb or more:
data 1.3Mb
libs 3.4Mb
Flavors: r-release-macos-arm64, r-release-macos-x86_64, r-oldrel-macos-arm64
Version: 8.2-6
Check: package dependencies
Result: NOTE
Package which this enhances but not available for checking: ‘mirt’
Flavor: r-release-macos-x86_64
Version: 8.2-6
Check: Rd cross-references
Result: NOTE
Package unavailable to check Rd xrefs: ‘mirt’
Flavor: r-release-macos-x86_64