Last updated on 2023-10-03 17:05:50 CEST.
Flavor | Version | Tinstall | Tcheck | Ttotal | Status | Flags |
---|---|---|---|---|---|---|
r-devel-linux-x86_64-debian-clang | 1.1.2 | 11.30 | 241.84 | 253.14 | NOTE | |
r-devel-linux-x86_64-debian-gcc | 1.1.2 | 8.36 | 179.72 | 188.08 | NOTE | |
r-devel-linux-x86_64-fedora-clang | 1.1.2 | 319.78 | NOTE | |||
r-devel-linux-x86_64-fedora-gcc | 1.1.2 | 308.51 | NOTE | |||
r-devel-windows-x86_64 | 1.1.2 | 11.00 | 189.00 | 200.00 | NOTE | |
r-patched-linux-x86_64 | 1.1.2 | 11.09 | 232.33 | 243.42 | NOTE | |
r-release-linux-x86_64 | 1.1.2 | 11.84 | 235.02 | 246.86 | NOTE | |
r-release-macos-arm64 | 1.1.2 | 120.00 | NOTE | |||
r-release-macos-x86_64 | 1.1.2 | 222.00 | NOTE | |||
r-release-windows-x86_64 | 1.1.2 | 15.00 | 241.00 | 256.00 | NOTE | |
r-oldrel-macos-arm64 | 1.1.2 | 87.00 | NOTE | |||
r-oldrel-macos-x86_64 | 1.1.2 | 126.00 | NOTE | |||
r-oldrel-windows-x86_64 | 1.1.2 | 15.00 | 243.00 | 258.00 | NOTE |
Version: 1.1.2
Check: package dependencies
Result: NOTE
Packages which this enhances but not available for checking:
'CirceR', 'Capr'
Flavors: r-devel-linux-x86_64-debian-clang, r-devel-linux-x86_64-debian-gcc, r-devel-linux-x86_64-fedora-clang, r-devel-linux-x86_64-fedora-gcc, r-devel-windows-x86_64, r-patched-linux-x86_64, r-release-linux-x86_64, r-release-macos-arm64, r-release-macos-x86_64, r-release-windows-x86_64, r-oldrel-macos-arm64, r-oldrel-macos-x86_64, r-oldrel-windows-x86_64