Last updated on 2024-07-18 00:54:49 CEST.
Flavor | Version | Tinstall | Tcheck | Ttotal | Status | Flags |
---|---|---|---|---|---|---|
r-devel-linux-x86_64-debian-clang | 1.4.0 | 13.60 | 1163.34 | 1176.94 | NOTE | |
r-devel-linux-x86_64-debian-gcc | 1.4.0 | 9.76 | 813.94 | 823.70 | NOTE | |
r-devel-linux-x86_64-fedora-clang | 1.5.0 | 1569.82 | OK | |||
r-devel-linux-x86_64-fedora-gcc | 1.5.0 | 1490.96 | OK | |||
r-devel-windows-x86_64 | 1.4.0 | 11.00 | 785.00 | 796.00 | NOTE | |
r-patched-linux-x86_64 | 1.4.0 | 11.13 | 1091.56 | 1102.69 | NOTE | |
r-release-linux-x86_64 | 1.4.0 | 7.20 | 1130.19 | 1137.39 | NOTE | |
r-release-macos-arm64 | 1.5.0 | 397.00 | OK | |||
r-release-macos-x86_64 | 1.5.0 | 1042.00 | OK | |||
r-release-windows-x86_64 | 1.5.0 | 18.00 | 856.00 | 874.00 | OK | |
r-oldrel-macos-arm64 | 1.5.0 | 244.00 | ERROR | |||
r-oldrel-macos-x86_64 | 1.5.0 | 486.00 | ERROR | |||
r-oldrel-windows-x86_64 | 1.4.0 | 15.00 | 1160.00 | 1175.00 | NOTE |
Version: 1.4.0
Check: package dependencies
Result: NOTE
Package suggested but not available for checking: ‘visR’
Package which this enhances but not available for checking: ‘Capr’
Flavors: r-devel-linux-x86_64-debian-clang, r-devel-linux-x86_64-debian-gcc, r-patched-linux-x86_64, r-release-linux-x86_64
Version: 1.4.0
Check: package dependencies
Result: NOTE
Package which this enhances but not available for checking: 'Capr'
Flavors: r-devel-windows-x86_64, r-oldrel-windows-x86_64
Version: 1.5.0
Check: running R code from vignettes
Result: ERROR
Errors in running code in vignettes:
when running code in ‘a05_cdm_reference_backends.Rmd’
...
> cdm$condition_occurrence <- cdm$condition_occurrence %>%
+ filter(condition_concept_id == "4035415") %>% select(person_id,
+ condition_sta .... [TRUNCATED]
When sourcing ‘a05_cdm_reference_backends.R’:
Error: condition_occurrence_id, condition_concept_id and
condition_type_concept_id are not present in table condition_occurrence
Execution halted
Warning: Connection is garbage-collected, use dbDisconnect() to avoid this.
‘a01_getting-started.Rmd’ using ‘UTF-8’... [5s/7s] OK
‘a02_cohorts.Rmd’ using ‘UTF-8’... [15s/15s] OK
‘a03_dbplyr.Rmd’ using ‘UTF-8’... [3s/5s] OK
‘a04_DBI_connection_examples.Rmd’ using ‘UTF-8’... [0s/0s] OK
‘a05_cdm_reference_backends.Rmd’ using ‘UTF-8’... failed
‘a06_using_cdm_attributes.Rmd’ using ‘UTF-8’... [3s/5s] OK
Flavor: r-oldrel-macos-arm64
Version: 1.5.0
Check: running R code from vignettes
Result: ERROR
Errors in running code in vignettes:
when running code in ‘a05_cdm_reference_backends.Rmd’
...
> cdm$condition_occurrence <- cdm$condition_occurrence %>%
+ filter(condition_concept_id == "4035415") %>% select(person_id,
+ condition_sta .... [TRUNCATED]
When sourcing ‘a05_cdm_reference_backends.R’:
Error: condition_occurrence_id, condition_concept_id and
condition_type_concept_id are not present in table condition_occurrence
Execution halted
Warning: Connection is garbage-collected, use dbDisconnect() to avoid this.
‘a01_getting-started.Rmd’ using ‘UTF-8’... [9s/14s] OK
‘a02_cohorts.Rmd’ using ‘UTF-8’... [23s/36s] OK
‘a03_dbplyr.Rmd’ using ‘UTF-8’... [5s/8s] OK
‘a04_DBI_connection_examples.Rmd’ using ‘UTF-8’... [0s/1s] OK
‘a05_cdm_reference_backends.Rmd’ using ‘UTF-8’... failed
‘a06_using_cdm_attributes.Rmd’ using ‘UTF-8’... [5s/9s] OK
Flavor: r-oldrel-macos-x86_64