Last updated on 2024-07-18 08:51:05 CEST.
Flavor | Version | Tinstall | Tcheck | Ttotal | Status | Flags |
---|---|---|---|---|---|---|
r-devel-linux-x86_64-debian-clang | 2.1.0 | 24.35 | 393.62 | 417.97 | OK | |
r-devel-linux-x86_64-debian-gcc | 2.1.0 | 16.75 | 289.16 | 305.91 | OK | |
r-devel-linux-x86_64-fedora-clang | 2.1.0 | 524.98 | NOTE | |||
r-devel-linux-x86_64-fedora-gcc | 2.1.0 | 503.22 | OK | |||
r-devel-windows-x86_64 | 2.1.0 | 23.00 | 454.00 | 477.00 | OK | |
r-patched-linux-x86_64 | 2.1.0 | 25.84 | 382.90 | 408.74 | OK | |
r-release-linux-x86_64 | 2.1.0 | 21.18 | 387.35 | 408.53 | OK | |
r-release-macos-arm64 | 2.1.0 | 154.00 | NOTE | |||
r-release-macos-x86_64 | 2.1.0 | 289.00 | NOTE | |||
r-release-windows-x86_64 | 2.1.0 | 26.00 | 453.00 | 479.00 | OK | |
r-oldrel-macos-arm64 | 2.1.0 | 179.00 | OK | |||
r-oldrel-macos-x86_64 | 2.1.0 | 618.00 | OK | |||
r-oldrel-windows-x86_64 | 2.1.0 | 26.00 | 538.00 | 564.00 | OK |
Version: 2.1.0
Check: installed package size
Result: NOTE
installed size is 6.8Mb
sub-directories of 1Mb or more:
doc 2.1Mb
libs 2.0Mb
Flavors: r-devel-linux-x86_64-fedora-clang, r-release-macos-arm64, r-release-macos-x86_64