Last updated on 2024-04-24 00:55:38 CEST.
Flavor | Version | Tinstall | Tcheck | Ttotal | Status | Flags |
---|---|---|---|---|---|---|
r-devel-linux-x86_64-debian-clang | 0.1.0 | 10.27 | 129.72 | 139.99 | OK | |
r-devel-linux-x86_64-debian-gcc | 0.1.0 | 6.04 | 97.67 | 103.71 | OK | |
r-devel-linux-x86_64-fedora-clang | 0.1.0 | 184.10 | NOTE | |||
r-devel-linux-x86_64-fedora-gcc | 0.1.0 | 188.12 | OK | |||
r-prerel-macos-arm64 | 0.1.0 | 46.00 | NOTE | |||
r-prerel-macos-x86_64 | 0.1.0 | 94.00 | NOTE | |||
r-prerel-windows-x86_64 | 0.1.0 | 8.00 | 105.00 | 113.00 | NOTE | |
r-patched-linux-x86_64 | 0.1.0 | 8.85 | 125.01 | 133.86 | OK | |
r-release-linux-x86_64 | 0.1.0 | 5.57 | 121.85 | 127.42 | OK | |
r-release-macos-arm64 | 0.1.0 | 57.00 | NOTE | |||
r-release-macos-x86_64 | 0.1.0 | 57.00 | NOTE | |||
r-release-windows-x86_64 | 0.1.0 | 11.00 | 122.00 | 133.00 | NOTE | |
r-oldrel-macos-arm64 | 0.1.0 | 57.00 | NOTE | |||
r-oldrel-windows-x86_64 | 0.1.0 | 12.00 | 129.00 | 141.00 | NOTE |
Version: 0.1.0
Check: installed package size
Result: NOTE
installed size is 8.0Mb
sub-directories of 1Mb or more:
doc 5.7Mb
extdata 2.1Mb
Flavors: r-devel-linux-x86_64-fedora-clang, r-prerel-macos-arm64, r-prerel-macos-x86_64, r-prerel-windows-x86_64, r-release-macos-arm64, r-release-macos-x86_64, r-release-windows-x86_64, r-oldrel-macos-arm64, r-oldrel-windows-x86_64
Version: 0.1.0
Check: package dependencies
Result: NOTE
Packages suggested but not available for checking: 'clustree', 'Seurat'
Flavor: r-release-macos-x86_64
Version: 0.1.0
Check: re-building of vignette outputs
Result: NOTE
Note: skipping ‘CIARA.Rmd’ due to unavailable dependencies: 'Seurat'
Flavor: r-release-macos-x86_64