Last updated on 2024-03-28 15:49:43 CET.
Flavor | Version | Tinstall | Tcheck | Ttotal | Status | Flags |
---|---|---|---|---|---|---|
r-devel-linux-x86_64-debian-clang | 1.2.0 | 21.96 | 144.25 | 166.21 | OK | |
r-devel-linux-x86_64-debian-gcc | 1.2.0 | 14.75 | 105.69 | 120.44 | OK | |
r-devel-linux-x86_64-fedora-clang | 1.2.0 | 212.32 | NOTE | |||
r-devel-linux-x86_64-fedora-gcc | 1.2.0 | 187.95 | NOTE | |||
r-devel-windows-x86_64 | 1.2.0 | 18.00 | 139.00 | 157.00 | OK | |
r-patched-linux-x86_64 | 1.2.0 | 19.82 | 139.73 | 159.55 | OK | |
r-release-linux-x86_64 | 1.2.0 | 13.19 | 140.65 | 153.84 | OK | |
r-release-macos-arm64 | 1.2.0 | 60.00 | OK | |||
r-release-macos-x86_64 | 1.2.0 | 95.00 | OK | |||
r-release-windows-x86_64 | 1.2.0 | 21.00 | 146.00 | 167.00 | OK | |
r-oldrel-macos-arm64 | 1.2.0 | 59.00 | NOTE | |||
r-oldrel-windows-x86_64 | 1.2.0 | 24.00 | 149.00 | 173.00 | OK |
Version: 1.2.0
Check: dependencies in R code
Result: NOTE
Namespace in Imports field not imported from: ‘magrittr’
All declared Imports should be used.
Flavors: r-devel-linux-x86_64-fedora-clang, r-devel-linux-x86_64-fedora-gcc, r-oldrel-macos-arm64