Last updated on 2023-12-06 00:58:08 CET.
Flavor | Version | Tinstall | Tcheck | Ttotal | Status | Flags |
---|---|---|---|---|---|---|
r-devel-linux-x86_64-debian-clang | 0.1.0 | 5.10 | 72.30 | 77.40 | OK | |
r-devel-linux-x86_64-debian-gcc | 0.1.0 | 4.51 | 54.23 | 58.74 | OK | |
r-devel-linux-x86_64-fedora-clang | 0.1.0 | 95.67 | NOTE | |||
r-devel-linux-x86_64-fedora-gcc | 0.1.0 | 97.71 | NOTE | |||
r-devel-windows-x86_64 | 0.1.0 | 6.00 | 69.00 | 75.00 | OK | |
r-patched-linux-x86_64 | 0.1.0 | 5.24 | 69.27 | 74.51 | OK | |
r-release-linux-x86_64 | 0.1.0 | 5.31 | 68.89 | 74.20 | OK | |
r-release-macos-arm64 | 0.1.0 | 31.00 | OK | |||
r-release-macos-x86_64 | 0.1.0 | 48.00 | OK | |||
r-release-windows-x86_64 | 0.1.0 | 8.00 | 81.00 | 89.00 | OK | |
r-oldrel-macos-arm64 | 0.1.0 | 27.00 | NOTE | |||
r-oldrel-macos-x86_64 | 0.1.0 | 54.00 | NOTE | |||
r-oldrel-windows-x86_64 | 0.1.0 | 7.00 | 85.00 | 92.00 | OK |
Version: 0.1.0
Check: dependencies in R code
Result: NOTE
Namespace in Imports field not imported from: ‘RColorBrewer’
All declared Imports should be used.
Flavors: r-devel-linux-x86_64-fedora-clang, r-devel-linux-x86_64-fedora-gcc, r-oldrel-macos-arm64, r-oldrel-macos-x86_64