CRAN Package Check Results for Package CISE

Last updated on 2021-10-17 16:49:19 CEST.

Flavor Version Tinstall Tcheck Ttotal Status Flags
r-devel-linux-x86_64-debian-clang 0.1.0 9.55 85.36 94.91 NOTE
r-devel-linux-x86_64-debian-gcc 0.1.0 7.97 66.86 74.83 NOTE
r-devel-linux-x86_64-fedora-clang 0.1.0 126.49 OK
r-devel-linux-x86_64-fedora-gcc 0.1.0 113.56 OK
r-devel-windows-x86_64 0.1.0 15.00 116.00 131.00 NOTE
r-devel-windows-x86_64-gcc10-UCRT 0.1.0 OK
r-patched-linux-x86_64 0.1.0 9.26 83.57 92.83 NOTE
r-patched-solaris-x86 0.1.0 183.40 OK
r-release-linux-x86_64 0.1.0 9.54 84.12 93.66 NOTE
r-release-macos-arm64 0.1.0 OK
r-release-macos-x86_64 0.1.0 OK
r-release-windows-ix86+x86_64 0.1.0 14.00 112.00 126.00 NOTE
r-oldrel-macos-x86_64 0.1.0 OK
r-oldrel-windows-ix86+x86_64 0.1.0 22.00 121.00 143.00 NOTE

Check Details

Version: 0.1.0
Check: package vignettes
Result: NOTE
    Package vignette with placeholder title 'Vignette Title':
     'CISE_vignette.Rmd'
Flavors: r-devel-linux-x86_64-debian-clang, r-devel-linux-x86_64-debian-gcc, r-devel-windows-x86_64, r-patched-linux-x86_64, r-release-linux-x86_64, r-release-windows-ix86+x86_64, r-oldrel-windows-ix86+x86_64