CRAN Package Check Results for Package CKLRT

Last updated on 2023-06-02 18:52:40 CEST.

Flavor Version Tinstall Tcheck Ttotal Status Flags
r-devel-linux-x86_64-debian-clang 0.2.3 52.20 82.78 134.98 NOTE
r-devel-linux-x86_64-debian-gcc 0.2.3 43.36 65.39 108.75 NOTE
r-devel-linux-x86_64-fedora-clang 0.2.3 178.43 NOTE
r-devel-linux-x86_64-fedora-gcc 0.2.3 193.64 NOTE
r-devel-windows-x86_64 0.2.3 42.00 115.00 157.00 NOTE
r-patched-linux-x86_64 0.2.3 NOTE
r-release-linux-x86_64 0.2.3 48.70 82.14 130.84 NOTE
r-release-macos-arm64 0.2.3 57.00 NOTE
r-release-macos-x86_64 0.2.3 89.00 NOTE
r-release-windows-x86_64 0.2.3 52.00 127.00 179.00 NOTE
r-oldrel-macos-arm64 0.2.3 48.00 NOTE
r-oldrel-macos-x86_64 0.2.3 66.00 NOTE
r-oldrel-windows-x86_64 0.2.3 49.00 116.00 165.00 NOTE

Check Details

Version: 0.2.3
Check: LazyData
Result: NOTE
     'LazyData' is specified without a 'data' directory
Flavors: r-devel-linux-x86_64-debian-clang, r-devel-linux-x86_64-debian-gcc, r-devel-linux-x86_64-fedora-clang, r-devel-linux-x86_64-fedora-gcc, r-devel-windows-x86_64, r-patched-linux-x86_64, r-release-linux-x86_64, r-release-macos-arm64, r-release-macos-x86_64, r-release-windows-x86_64, r-oldrel-macos-arm64, r-oldrel-macos-x86_64, r-oldrel-windows-x86_64

Version: 0.2.3
Check: installed package size
Result: NOTE
     installed size is 14.6Mb
     sub-directories of 1Mb or more:
     libs 14.3Mb
Flavors: r-release-macos-arm64, r-release-macos-x86_64, r-oldrel-macos-arm64, r-oldrel-macos-x86_64