CRAN Package Check Results for Package CKMRpop

Last updated on 2021-10-21 08:50:45 CEST.

Flavor Version Tinstall Tcheck Ttotal Status Flags
r-devel-linux-x86_64-debian-clang 0.1.3 37.87 179.89 217.76 OK
r-devel-linux-x86_64-debian-gcc 0.1.3 28.41 126.84 155.25 OK
r-devel-linux-x86_64-fedora-clang 0.1.3 276.25 NOTE
r-devel-linux-x86_64-fedora-gcc 0.1.3 253.79 OK
r-devel-windows-x86_64 0.1.3 55.00 231.00 286.00 NOTE
r-devel-windows-x86_64-gcc10-UCRT 0.1.3 ERROR
r-patched-linux-x86_64 0.1.3 37.68 169.53 207.21 OK
r-patched-solaris-x86 0.1.3 188.10 NOTE
r-release-linux-x86_64 0.1.3 37.40 166.85 204.25 OK
r-release-macos-arm64 0.1.3 NOTE
r-release-macos-x86_64 0.1.3 NOTE
r-release-windows-ix86+x86_64 0.1.3 88.00 265.00 353.00 NOTE
r-oldrel-macos-x86_64 0.1.3 NOTE
r-oldrel-windows-ix86+x86_64 0.1.3 99.00 284.00 383.00 NOTE

Check Details

Version: 0.1.3
Check: installed package size
Result: NOTE
     installed size is 6.9Mb
     sub-directories of 1Mb or more:
     data 1.1Mb
     doc 3.6Mb
     help 1.0Mb
     libs 1.1Mb
Flavors: r-devel-linux-x86_64-fedora-clang, r-devel-windows-x86_64, r-patched-solaris-x86, r-release-macos-arm64, r-release-macos-x86_64, r-release-windows-ix86+x86_64, r-oldrel-macos-x86_64, r-oldrel-windows-ix86+x86_64

Version: 0.1.3
Check: package dependencies
Result: ERROR
    Packages required but not available: 'ggraph', 'igraph', 'tidygraph'
    
    See section 'The DESCRIPTION file' in the 'Writing R Extensions'
    manual.
Flavor: r-devel-windows-x86_64-gcc10-UCRT