Last updated on 2024-04-18 01:02:46 CEST.
Flavor | Version | Tinstall | Tcheck | Ttotal | Status | Flags |
---|---|---|---|---|---|---|
r-devel-linux-x86_64-debian-clang | 0.1.0 | 1.64 | 19.71 | 21.35 | NOTE | |
r-devel-linux-x86_64-debian-gcc | 0.1.0 | 1.55 | 15.90 | 17.45 | NOTE | |
r-devel-linux-x86_64-fedora-clang | 0.1.0 | 29.04 | NOTE | |||
r-devel-linux-x86_64-fedora-gcc | 0.1.0 | 27.61 | NOTE | |||
r-prerel-macos-arm64 | 0.1.0 | 17.00 | NOTE | |||
r-prerel-windows-x86_64 | 0.1.0 | 4.00 | 96.00 | 100.00 | NOTE | |
r-patched-linux-x86_64 | 0.1.0 | 1.48 | 20.06 | 21.54 | NOTE | |
r-release-linux-x86_64 | 0.1.0 | 1.68 | 19.58 | 21.26 | NOTE | |
r-release-macos-arm64 | 0.1.0 | 16.00 | NOTE | |||
r-release-macos-x86_64 | 0.1.0 | 18.00 | NOTE | |||
r-release-windows-x86_64 | 0.1.0 | 4.00 | 36.00 | 40.00 | NOTE | |
r-oldrel-macos-arm64 | 0.1.0 | 16.00 | NOTE | |||
r-oldrel-windows-x86_64 | 0.1.0 | 5.00 | 41.00 | 46.00 | NOTE |
Version: 0.1.0
Check: LazyData
Result: NOTE
'LazyData' is specified without a 'data' directory
Flavors: r-devel-linux-x86_64-debian-clang, r-devel-linux-x86_64-debian-gcc, r-devel-linux-x86_64-fedora-clang, r-devel-linux-x86_64-fedora-gcc, r-prerel-macos-arm64, r-prerel-windows-x86_64, r-patched-linux-x86_64, r-release-linux-x86_64, r-release-macos-arm64, r-release-macos-x86_64, r-release-windows-x86_64, r-oldrel-macos-arm64, r-oldrel-windows-x86_64
Version: 0.1.0
Check: dependencies in R code
Result: NOTE
Namespaces in Imports field not imported from:
‘MASS’ ‘cluster’ ‘datasets’ ‘dplyr’ ‘klaR’ ‘psycho’ ‘shiny’
All declared Imports should be used.
Flavors: r-devel-linux-x86_64-fedora-clang, r-devel-linux-x86_64-fedora-gcc, r-oldrel-macos-arm64