Last updated on 2023-12-03 00:56:39 CET.
Flavor | Version | Tinstall | Tcheck | Ttotal | Status | Flags |
---|---|---|---|---|---|---|
r-devel-linux-x86_64-debian-clang | 1.1.1 | 153.23 | 38.30 | 191.53 | OK | |
r-devel-linux-x86_64-debian-gcc | 1.1.1 | 106.05 | 29.03 | 135.08 | OK | |
r-devel-linux-x86_64-fedora-clang | 1.1.1 | 286.90 | OK | |||
r-devel-linux-x86_64-fedora-gcc | 1.1.1 | 285.13 | OK | |||
r-devel-windows-x86_64 | 1.1.1 | 119.00 | 77.00 | 196.00 | NOTE | |
r-patched-linux-x86_64 | 1.1.1 | 117.72 | 36.60 | 154.32 | OK | |
r-release-linux-x86_64 | 1.1.1 | 121.12 | 37.23 | 158.35 | OK | |
r-release-macos-arm64 | 1.1.1 | 66.00 | NOTE | |||
r-release-macos-x86_64 | 1.1.1 | 122.00 | NOTE | |||
r-release-windows-x86_64 | 1.1.1 | 156.00 | 82.00 | 238.00 | NOTE | |
r-oldrel-macos-arm64 | 1.1.1 | 62.00 | NOTE | |||
r-oldrel-macos-x86_64 | 1.1.1 | 90.00 | NOTE | |||
r-oldrel-windows-x86_64 | 1.1.1 | 136.00 | 82.00 | 218.00 | OK |
Version: 1.1.1
Check: C++ specification
Result: NOTE
Specified C++11: please drop specification unless essential
Flavors: r-devel-windows-x86_64, r-release-windows-x86_64
Version: 1.1.1
Check: installed package size
Result: NOTE
installed size is 5.5Mb
sub-directories of 1Mb or more:
libs 5.3Mb
Flavors: r-release-macos-arm64, r-release-macos-x86_64, r-oldrel-macos-arm64, r-oldrel-macos-x86_64