CRAN Package Check Results for Package CRANsearcher

Last updated on 2023-06-08 08:55:18 CEST.

Flavor Version Tinstall Tcheck Ttotal Status Flags
r-devel-linux-x86_64-debian-clang 1.0.0 8.46 59.10 67.56 OK
r-devel-linux-x86_64-debian-gcc 1.0.0 6.64 44.16 50.80 OK
r-devel-linux-x86_64-fedora-clang 1.0.0 83.90 NOTE
r-devel-linux-x86_64-fedora-gcc 1.0.0 78.80 NOTE
r-devel-windows-x86_64 1.0.0 9.00 62.00 71.00 OK
r-patched-linux-x86_64 1.0.0 9.28 54.43 63.71 OK
r-release-linux-x86_64 1.0.0 7.98 54.44 62.42 OK
r-release-macos-arm64 1.0.0 31.00 OK
r-release-macos-x86_64 1.0.0 43.00 OK
r-release-windows-x86_64 1.0.0 11.00 67.00 78.00 OK
r-oldrel-macos-arm64 1.0.0 34.00 NOTE
r-oldrel-macos-x86_64 1.0.0 59.00 NOTE
r-oldrel-windows-x86_64 1.0.0 12.00 74.00 86.00 OK

Check Details

Version: 1.0.0
Check: data for non-ASCII characters
Result: NOTE
     Note: found 11 marked Latin-1 strings
     Note: found 57 marked UTF-8 strings
Flavors: r-devel-linux-x86_64-fedora-clang, r-devel-linux-x86_64-fedora-gcc, r-oldrel-macos-arm64, r-oldrel-macos-x86_64