CRAN Package Check Results for Package CRANsearcher

Last updated on 2021-09-26 20:49:04 CEST.

Flavor Version Tinstall Tcheck Ttotal Status Flags
r-devel-linux-x86_64-debian-clang 1.0.0 8.51 58.35 66.86 OK
r-devel-linux-x86_64-debian-gcc 1.0.0 6.41 44.19 50.60 OK
r-devel-linux-x86_64-fedora-clang 1.0.0 84.97 NOTE
r-devel-linux-x86_64-fedora-gcc 1.0.0 73.58 NOTE
r-devel-windows-x86_64 1.0.0 9.00 57.00 66.00 OK
r-devel-windows-x86_64-gcc10-UCRT 1.0.0 NOTE
r-patched-linux-x86_64 1.0.0 6.98 53.84 60.82 OK
r-patched-solaris-x86 1.0.0 112.10 NOTE
r-release-linux-x86_64 1.0.0 6.40 54.67 61.07 OK
r-release-macos-arm64 1.0.0 NOTE
r-release-macos-x86_64 1.0.0 NOTE
r-release-windows-ix86+x86_64 1.0.0 18.00 74.00 92.00 OK
r-oldrel-macos-x86_64 1.0.0 NOTE
r-oldrel-windows-ix86+x86_64 1.0.0 13.00 60.00 73.00 OK

Check Details

Version: 1.0.0
Check: data for non-ASCII characters
Result: NOTE
     Note: found 11 marked Latin-1 strings
     Note: found 57 marked UTF-8 strings
Flavors: r-devel-linux-x86_64-fedora-clang, r-devel-linux-x86_64-fedora-gcc, r-devel-windows-x86_64-gcc10-UCRT, r-patched-solaris-x86, r-release-macos-arm64, r-release-macos-x86_64, r-oldrel-macos-x86_64