Last updated on 2024-03-28 23:55:04 CET.
Flavor | Version | Tinstall | Tcheck | Ttotal | Status | Flags |
---|---|---|---|---|---|---|
r-devel-linux-x86_64-debian-clang | 1.4.0 | 46.07 | 506.72 | 552.79 | NOTE | |
r-devel-linux-x86_64-debian-gcc | 1.4.0 | 32.30 | 353.00 | 385.30 | NOTE | |
r-devel-linux-x86_64-fedora-clang | 1.4.0 | 653.85 | NOTE | |||
r-devel-linux-x86_64-fedora-gcc | 1.4.0 | 642.40 | NOTE | |||
r-devel-windows-x86_64 | 1.4.0 | 36.00 | 341.00 | 377.00 | NOTE | |
r-patched-linux-x86_64 | 1.4.0 | 33.02 | 483.58 | 516.60 | NOTE | |
r-release-linux-x86_64 | 1.4.0 | 30.97 | 483.96 | 514.93 | OK | |
r-release-macos-arm64 | 1.4.0 | 177.00 | OK | |||
r-release-macos-x86_64 | 1.4.0 | 292.00 | OK | |||
r-release-windows-x86_64 | 1.4.0 | 51.00 | 439.00 | 490.00 | OK | |
r-oldrel-macos-arm64 | 1.4.0 | 102.00 | OK | |||
r-oldrel-windows-x86_64 | 1.4.0 | 53.00 | 429.00 | 482.00 | OK |
Version: 1.4.0
Check: Rd files
Result: NOTE
checkRd: (-1) ch_tr_sign.Rd:15: Lost braces; missing escapes or markup?
15 | {x} {an array of indices 1, 2, 3}
| ^
checkRd: (-1) ch_tr_signif.Rd:15: Lost braces; missing escapes or markup?
15 | {x} {an array of indices 1 and 2, where 1 is NS and 2 is significant}
| ^
Flavors: r-devel-linux-x86_64-debian-clang, r-devel-linux-x86_64-debian-gcc, r-devel-linux-x86_64-fedora-clang, r-devel-linux-x86_64-fedora-gcc, r-devel-windows-x86_64, r-patched-linux-x86_64
Version: 1.4.0
Check: data for non-ASCII characters
Result: NOTE
Note: found 282 marked UTF-8 strings
Flavors: r-devel-linux-x86_64-fedora-clang, r-devel-linux-x86_64-fedora-gcc