CRAN Package Check Results for Package CSUV

Last updated on 2021-09-16 16:50:10 CEST.

Flavor Version Tinstall Tcheck Ttotal Status Flags
r-devel-linux-x86_64-debian-clang 0.1.1 3.85 40.10 43.95 NOTE
r-devel-linux-x86_64-debian-gcc 0.1.1 3.73 30.89 34.62 NOTE
r-devel-linux-x86_64-fedora-clang 0.1.1 62.49 NOTE
r-devel-linux-x86_64-fedora-gcc 0.1.1 51.32 NOTE
r-devel-windows-x86_64 0.1.1 6.00 62.00 68.00 NOTE
r-devel-windows-x86_64-gcc10-UCRT 0.1.1 NOTE
r-patched-linux-x86_64 0.1.1 5.02 38.25 43.27 NOTE
r-patched-solaris-x86 0.1.1 74.60 NOTE
r-release-linux-x86_64 0.1.1 5.14 38.71 43.85 NOTE
r-release-macos-arm64 0.1.1 NOTE
r-release-macos-x86_64 0.1.1 NOTE
r-release-windows-ix86+x86_64 0.1.1 10.00 56.00 66.00 NOTE
r-oldrel-macos-x86_64 0.1.1 OK
r-oldrel-windows-ix86+x86_64 0.1.1 17.00 49.00 66.00 OK

Check Details

Version: 0.1.1
Check: LazyData
Result: NOTE
     'LazyData' is specified without a 'data' directory
Flavors: r-devel-linux-x86_64-debian-clang, r-devel-linux-x86_64-debian-gcc, r-devel-linux-x86_64-fedora-clang, r-devel-linux-x86_64-fedora-gcc, r-devel-windows-x86_64, r-devel-windows-x86_64-gcc10-UCRT, r-patched-linux-x86_64, r-patched-solaris-x86, r-release-linux-x86_64, r-release-macos-arm64, r-release-macos-x86_64, r-release-windows-ix86+x86_64