CRAN Package Check Results for Package CSeqpat

Last updated on 2023-06-04 08:57:07 CEST.

Flavor Version Tinstall Tcheck Ttotal Status Flags
r-devel-linux-x86_64-debian-clang 0.1.2 3.06 28.10 31.16 NOTE
r-devel-linux-x86_64-debian-gcc 0.1.2 2.07 22.13 24.20 NOTE
r-devel-linux-x86_64-fedora-clang 0.1.2 39.52 NOTE
r-devel-linux-x86_64-fedora-gcc 0.1.2 38.71 NOTE
r-devel-windows-x86_64 0.1.2 4.00 43.00 47.00 NOTE
r-patched-linux-x86_64 0.1.2 2.69 27.36 30.05 NOTE
r-release-linux-x86_64 0.1.2 2.81 27.63 30.44 NOTE
r-release-macos-arm64 0.1.2 18.00 NOTE
r-release-macos-x86_64 0.1.2 24.00 NOTE
r-release-windows-x86_64 0.1.2 4.00 44.00 48.00 NOTE
r-oldrel-macos-arm64 0.1.2 19.00 NOTE
r-oldrel-macos-x86_64 0.1.2 23.00 NOTE
r-oldrel-windows-x86_64 0.1.2 5.00 49.00 54.00 NOTE

Check Details

Version: 0.1.2
Check: LazyData
Result: NOTE
     'LazyData' is specified without a 'data' directory
Flavors: r-devel-linux-x86_64-debian-clang, r-devel-linux-x86_64-debian-gcc, r-devel-linux-x86_64-fedora-clang, r-devel-linux-x86_64-fedora-gcc, r-devel-windows-x86_64, r-patched-linux-x86_64, r-release-linux-x86_64, r-release-macos-arm64, r-release-macos-x86_64, r-release-windows-x86_64, r-oldrel-macos-arm64, r-oldrel-macos-x86_64, r-oldrel-windows-x86_64