CRAN Package Check Results for Package CTShiny2

Last updated on 2021-09-25 04:57:32 CEST.

Flavor Version Tinstall Tcheck Ttotal Status Flags
r-devel-linux-x86_64-debian-clang 0.1.0 2.21 20.56 22.77 NOTE
r-devel-linux-x86_64-debian-gcc 0.1.0 1.81 16.25 18.06 NOTE
r-devel-linux-x86_64-fedora-clang 0.1.0 36.39 NOTE
r-devel-linux-x86_64-fedora-gcc 0.1.0 25.84 NOTE
r-devel-windows-x86_64 0.1.0 5.00 28.00 33.00 NOTE
r-devel-windows-x86_64-gcc10-UCRT 0.1.0 NOTE
r-patched-linux-x86_64 0.1.0 2.28 20.06 22.34 NOTE
r-patched-solaris-x86 0.1.0 42.10 NOTE
r-release-linux-x86_64 0.1.0 1.91 19.79 21.70 NOTE
r-release-macos-arm64 0.1.0 NOTE
r-release-macos-x86_64 0.1.0 NOTE
r-release-windows-ix86+x86_64 0.1.0 7.00 35.00 42.00 NOTE
r-oldrel-macos-x86_64 0.1.0 NOTE
r-oldrel-windows-ix86+x86_64 0.1.0 5.00 26.00 31.00 OK

Check Details

Version: 0.1.0
Check: LazyData
Result: NOTE
     'LazyData' is specified without a 'data' directory
Flavors: r-devel-linux-x86_64-debian-clang, r-devel-linux-x86_64-debian-gcc, r-devel-linux-x86_64-fedora-clang, r-devel-linux-x86_64-fedora-gcc, r-devel-windows-x86_64, r-devel-windows-x86_64-gcc10-UCRT, r-patched-linux-x86_64, r-patched-solaris-x86, r-release-linux-x86_64, r-release-macos-arm64, r-release-macos-x86_64, r-release-windows-ix86+x86_64

Version: 0.1.0
Check: dependencies in R code
Result: NOTE
    Namespaces in Imports field not imported from:
     ‘caret’ ‘datasets’ ‘dplyr’ ‘e1071’ ‘party’ ‘rhandsontable’ ‘rpart’
     ‘rpart.plot’ ‘shiny’
     All declared Imports should be used.
Flavors: r-devel-linux-x86_64-fedora-clang, r-devel-linux-x86_64-fedora-gcc, r-devel-windows-x86_64-gcc10-UCRT, r-patched-solaris-x86, r-release-macos-arm64, r-release-macos-x86_64, r-oldrel-macos-x86_64