Last updated on 2024-04-23 16:58:12 CEST.
Flavor | Version | Tinstall | Tcheck | Ttotal | Status | Flags |
---|---|---|---|---|---|---|
r-devel-linux-x86_64-debian-clang | 2.3.3 | 2.46 | 27.95 | 30.41 | NOTE | |
r-devel-linux-x86_64-debian-gcc | 2.3.3 | 2.40 | 21.57 | 23.97 | NOTE | |
r-devel-linux-x86_64-fedora-clang | 2.3.3 | 39.67 | NOTE | |||
r-devel-linux-x86_64-fedora-gcc | 2.3.3 | 38.23 | NOTE | |||
r-prerel-macos-arm64 | 2.3.3 | 16.00 | OK | |||
r-prerel-windows-x86_64 | 2.3.3 | 4.00 | 42.00 | 46.00 | OK | |
r-patched-linux-x86_64 | 2.3.3 | 2.47 | 26.72 | 29.19 | NOTE | |
r-release-linux-x86_64 | 2.3.3 | 3.02 | 27.22 | 30.24 | NOTE | |
r-release-macos-arm64 | 2.3.3 | 17.00 | OK | |||
r-release-macos-x86_64 | 2.3.3 | 22.00 | OK | |||
r-release-windows-x86_64 | 2.3.3 | 7.00 | 43.00 | 50.00 | OK | |
r-oldrel-macos-arm64 | 2.3.3 | 16.00 | OK | |||
r-oldrel-windows-x86_64 | 2.3.3 | 8.00 | 47.00 | 55.00 | OK |
Version: 2.3.3
Check: for non-standard things in the check directory
Result: NOTE
Found the following files/directories:
‘Hello.csv’
Flavors: r-devel-linux-x86_64-debian-clang, r-devel-linux-x86_64-debian-gcc, r-devel-linux-x86_64-fedora-clang, r-devel-linux-x86_64-fedora-gcc, r-patched-linux-x86_64, r-release-linux-x86_64