Last updated on 2023-06-04 08:57:07 CEST.
Flavor | Version | Tinstall | Tcheck | Ttotal | Status | Flags |
---|---|---|---|---|---|---|
r-devel-linux-x86_64-debian-clang | 0.1.1 | 50.21 | 36.21 | 86.42 | OK | |
r-devel-linux-x86_64-debian-gcc | 0.1.1 | 41.08 | 28.64 | 69.72 | OK | |
r-devel-linux-x86_64-fedora-clang | 0.1.1 | 116.18 | OK | |||
r-devel-linux-x86_64-fedora-gcc | 0.1.1 | 129.19 | OK | |||
r-devel-windows-x86_64 | 0.1.1 | 35.00 | 68.00 | 103.00 | OK | |
r-patched-linux-x86_64 | 0.1.1 | 45.56 | 35.73 | 81.29 | OK | |
r-release-linux-x86_64 | 0.1.1 | 40.61 | 34.92 | 75.53 | OK | |
r-release-macos-arm64 | 0.1.1 | 37.00 | NOTE | |||
r-release-macos-x86_64 | 0.1.1 | 55.00 | NOTE | |||
r-release-windows-x86_64 | 0.1.1 | 48.00 | 76.00 | 124.00 | OK | |
r-oldrel-macos-arm64 | 0.1.1 | 40.00 | NOTE | |||
r-oldrel-macos-x86_64 | 0.1.1 | 44.00 | NOTE | |||
r-oldrel-windows-x86_64 | 0.1.1 | 46.00 | 74.00 | 120.00 | OK |
Version: 0.1.1
Check: installed package size
Result: NOTE
installed size is 5.3Mb
sub-directories of 1Mb or more:
libs 4.5Mb
Flavors: r-release-macos-arm64, r-release-macos-x86_64, r-oldrel-macos-arm64, r-oldrel-macos-x86_64