Last updated on 2023-09-28 01:18:49 CEST.
Flavor | Version | Tinstall | Tcheck | Ttotal | Status | Flags |
---|---|---|---|---|---|---|
r-devel-linux-x86_64-debian-clang | 1.0 | 6.78 | 53.18 | 59.96 | NOTE | |
r-devel-linux-x86_64-debian-gcc | 1.0 | 4.47 | 39.96 | 44.43 | NOTE | |
r-devel-linux-x86_64-fedora-clang | 1.0 | 71.43 | NOTE | |||
r-devel-linux-x86_64-fedora-gcc | 1.0 | 71.72 | NOTE | |||
r-devel-windows-x86_64 | 1.0 | 7.00 | 63.00 | 70.00 | NOTE | |
r-patched-linux-x86_64 | 1.0 | 4.66 | 50.23 | 54.89 | NOTE | |
r-release-linux-x86_64 | 1.0 | 4.23 | 50.46 | 54.69 | NOTE | |
r-release-macos-arm64 | 1.0 | 29.00 | NOTE | |||
r-release-macos-x86_64 | 1.0 | 42.00 | NOTE | |||
r-release-windows-x86_64 | 1.0 | 8.00 | 72.00 | 80.00 | NOTE | |
r-oldrel-macos-arm64 | 1.0 | 29.00 | NOTE | |||
r-oldrel-macos-x86_64 | 1.0 | 49.00 | NOTE | |||
r-oldrel-windows-x86_64 | 1.0 | 10.00 | 75.00 | 85.00 | NOTE |
Version: 1.0
Check: LazyData
Result: NOTE
'LazyData' is specified without a 'data' directory
Flavors: r-devel-linux-x86_64-debian-clang, r-devel-linux-x86_64-debian-gcc, r-devel-linux-x86_64-fedora-clang, r-devel-linux-x86_64-fedora-gcc, r-devel-windows-x86_64, r-patched-linux-x86_64, r-release-linux-x86_64, r-release-macos-arm64, r-release-macos-x86_64, r-release-windows-x86_64, r-oldrel-macos-arm64, r-oldrel-macos-x86_64, r-oldrel-windows-x86_64