Last updated on 2023-05-28 23:13:54 CEST.
Flavor | Version | Tinstall | Tcheck | Ttotal | Status | Flags |
---|---|---|---|---|---|---|
r-devel-linux-x86_64-debian-clang | 2.0.3 | 117.06 | 86.41 | 203.47 | NOTE | |
r-devel-linux-x86_64-debian-gcc | 2.0.3 | 98.57 | 63.19 | 161.76 | NOTE | |
r-devel-linux-x86_64-fedora-clang | 2.0.3 | 291.71 | NOTE | |||
r-devel-linux-x86_64-fedora-gcc | 2.0.3 | 316.67 | NOTE | |||
r-devel-windows-x86_64 | 2.0.3 | 93.00 | 101.00 | 194.00 | NOTE | |
r-patched-linux-x86_64 | 2.0.3 | 109.95 | 79.16 | 189.11 | NOTE | |
r-release-linux-x86_64 | 2.0.3 | 98.99 | 79.39 | 178.38 | NOTE | |
r-release-macos-arm64 | 2.0.3 | 77.00 | NOTE | |||
r-release-macos-x86_64 | 2.0.3 | 107.00 | NOTE | |||
r-release-windows-x86_64 | 2.0.3 | 122.00 | 124.00 | 246.00 | NOTE | |
r-oldrel-macos-arm64 | 2.0.3 | 70.00 | NOTE | |||
r-oldrel-macos-x86_64 | 2.0.3 | 118.00 | NOTE | |||
r-oldrel-windows-x86_64 | 2.0.3 | 106.00 | 117.00 | 223.00 | NOTE |
Version: 2.0.3
Check: LazyData
Result: NOTE
'LazyData' is specified without a 'data' directory
Flavors: r-devel-linux-x86_64-debian-clang, r-devel-linux-x86_64-debian-gcc, r-devel-linux-x86_64-fedora-clang, r-devel-linux-x86_64-fedora-gcc, r-devel-windows-x86_64, r-patched-linux-x86_64, r-release-linux-x86_64, r-release-macos-arm64, r-release-macos-x86_64, r-release-windows-x86_64, r-oldrel-macos-arm64, r-oldrel-macos-x86_64, r-oldrel-windows-x86_64
Version: 2.0.3
Check: installed package size
Result: NOTE
installed size is 11.0Mb
sub-directories of 1Mb or more:
libs 10.7Mb
Flavors: r-release-macos-arm64, r-release-macos-x86_64, r-oldrel-macos-arm64, r-oldrel-macos-x86_64