CRAN Package Check Results for Package CamelUp

Last updated on 2021-09-26 20:49:03 CEST.

Flavor Version Tinstall Tcheck Ttotal Status Flags
r-devel-linux-x86_64-debian-clang 2.0.3 111.51 82.82 194.33 NOTE
r-devel-linux-x86_64-debian-gcc 2.0.3 81.64 61.37 143.01 NOTE
r-devel-linux-x86_64-fedora-clang 2.0.3 283.04 NOTE
r-devel-linux-x86_64-fedora-gcc 2.0.3 252.63 NOTE
r-devel-windows-x86_64 2.0.3 98.00 86.00 184.00 NOTE
r-devel-windows-x86_64-gcc10-UCRT 2.0.3 NOTE
r-patched-linux-x86_64 2.0.3 93.86 77.82 171.68 NOTE
r-patched-solaris-x86 2.0.3 244.70 NOTE
r-release-linux-x86_64 2.0.3 97.53 77.79 175.32 NOTE
r-release-macos-arm64 2.0.3 NOTE
r-release-macos-x86_64 2.0.3 NOTE
r-release-windows-ix86+x86_64 2.0.3 251.00 153.00 404.00 NOTE
r-oldrel-macos-x86_64 2.0.3 NOTE
r-oldrel-windows-ix86+x86_64 2.0.3 182.00 111.00 293.00 OK

Check Details

Version: 2.0.3
Check: LazyData
Result: NOTE
     'LazyData' is specified without a 'data' directory
Flavors: r-devel-linux-x86_64-debian-clang, r-devel-linux-x86_64-debian-gcc, r-devel-linux-x86_64-fedora-clang, r-devel-linux-x86_64-fedora-gcc, r-devel-windows-x86_64, r-devel-windows-x86_64-gcc10-UCRT, r-patched-linux-x86_64, r-patched-solaris-x86, r-release-linux-x86_64, r-release-macos-arm64, r-release-macos-x86_64, r-release-windows-ix86+x86_64

Version: 2.0.3
Check: installed package size
Result: NOTE
     installed size is 9.5Mb
     sub-directories of 1Mb or more:
     libs 9.1Mb
Flavors: r-devel-linux-x86_64-fedora-clang, r-release-macos-arm64, r-release-macos-x86_64, r-oldrel-macos-x86_64