Last updated on 2024-03-28 23:55:02 CET.
Flavor | Version | Tinstall | Tcheck | Ttotal | Status | Flags |
---|---|---|---|---|---|---|
r-devel-linux-x86_64-debian-clang | 2.0.3 | 123.58 | 89.83 | 213.41 | NOTE | |
r-devel-linux-x86_64-debian-gcc | 2.0.3 | 105.41 | 65.09 | 170.50 | NOTE | |
r-devel-linux-x86_64-fedora-clang | 2.0.3 | 288.36 | NOTE | |||
r-devel-linux-x86_64-fedora-gcc | 2.0.3 | 302.90 | NOTE | |||
r-devel-windows-x86_64 | 2.0.3 | 99.00 | 99.00 | 198.00 | NOTE | |
r-patched-linux-x86_64 | 2.0.3 | 127.66 | 83.39 | 211.05 | NOTE | |
r-release-linux-x86_64 | 2.0.3 | 123.95 | 84.37 | 208.32 | NOTE | |
r-release-macos-arm64 | 2.0.3 | 77.00 | NOTE | |||
r-release-macos-x86_64 | 2.0.3 | 107.00 | NOTE | |||
r-release-windows-x86_64 | 2.0.3 | 120.00 | 122.00 | 242.00 | NOTE | |
r-oldrel-macos-arm64 | 2.0.3 | 70.00 | NOTE | |||
r-oldrel-windows-x86_64 | 2.0.3 | 112.00 | 119.00 | 231.00 | NOTE |
Version: 2.0.3
Check: LazyData
Result: NOTE
'LazyData' is specified without a 'data' directory
Flavors: r-devel-linux-x86_64-debian-clang, r-devel-linux-x86_64-debian-gcc, r-devel-linux-x86_64-fedora-clang, r-devel-linux-x86_64-fedora-gcc, r-devel-windows-x86_64, r-patched-linux-x86_64, r-release-linux-x86_64, r-release-macos-arm64, r-release-macos-x86_64, r-release-windows-x86_64, r-oldrel-macos-arm64, r-oldrel-windows-x86_64
Version: 2.0.3
Check: installed package size
Result: NOTE
installed size is 11.0Mb
sub-directories of 1Mb or more:
libs 10.7Mb
Flavors: r-release-macos-arm64, r-release-macos-x86_64, r-oldrel-macos-arm64