Last updated on 2024-03-29 15:54:33 CET.
Flavor | Version | Tinstall | Tcheck | Ttotal | Status | Flags |
---|---|---|---|---|---|---|
r-devel-linux-x86_64-debian-clang | 1.0.2 | 220.10 | 330.72 | 550.82 | NOTE | |
r-devel-linux-x86_64-debian-gcc | 1.0.2 | 197.47 | 268.77 | 466.24 | NOTE | |
r-devel-linux-x86_64-fedora-clang | 1.0.2 | 671.90 | NOTE | |||
r-devel-linux-x86_64-fedora-gcc | 1.0.2 | 819.10 | NOTE | |||
r-devel-windows-x86_64 | 1.0.2 | 176.00 | 324.00 | 500.00 | WARN | |
r-patched-linux-x86_64 | 1.0.2 | 188.12 | 358.60 | 546.72 | NOTE | |
r-release-linux-x86_64 | 1.0.2 | 184.17 | 348.61 | 532.78 | NOTE | |
r-release-macos-arm64 | 1.0.2 | 181.00 | NOTE | |||
r-release-macos-x86_64 | 1.0.2 | 395.00 | NOTE | |||
r-release-windows-x86_64 | 1.0.2 | 226.00 | 454.00 | 680.00 | NOTE | |
r-oldrel-macos-arm64 | 1.0.2 | 160.00 | NOTE | |||
r-oldrel-windows-x86_64 | 1.0.2 | 215.00 | 384.00 | 599.00 | NOTE |
Version: 1.0.2
Check: for GNU extensions in Makefiles
Result: NOTE
GNU make is a SystemRequirements.
Flavors: r-devel-linux-x86_64-debian-clang, r-devel-linux-x86_64-debian-gcc, r-devel-linux-x86_64-fedora-clang, r-devel-linux-x86_64-fedora-gcc, r-devel-windows-x86_64, r-patched-linux-x86_64, r-release-linux-x86_64, r-release-macos-arm64, r-release-macos-x86_64, r-release-windows-x86_64, r-oldrel-macos-arm64, r-oldrel-windows-x86_64
Version: 1.0.2
Check: whether package can be installed
Result: WARN
Found the following significant warnings:
Warning: package 'dplyr' was built under R version 4.5.0
See 'd:/Rcompile/CRANpkg/local/4.4/CausalQueries.Rcheck/00install.out' for details.
* used C++ compiler: 'g++.exe (GCC) 13.2.0'
Flavor: r-devel-windows-x86_64
Version: 1.0.2
Check: installed package size
Result: NOTE
installed size is 44.1Mb
sub-directories of 1Mb or more:
libs 43.3Mb
Flavors: r-release-macos-arm64, r-release-macos-x86_64, r-oldrel-macos-arm64