CRAN Package Check Results for Package CautiousLearning

Last updated on 2023-05-28 23:13:54 CEST.

Flavor Version Tinstall Tcheck Ttotal Status Flags
r-devel-linux-x86_64-debian-clang 1.0.1 21.86 33.75 55.61 OK
r-devel-linux-x86_64-debian-gcc 1.0.1 16.90 26.96 43.86 OK
r-devel-linux-x86_64-fedora-clang 1.0.1 76.60 NOTE
r-devel-linux-x86_64-fedora-gcc 1.0.1 77.21 OK
r-devel-windows-x86_64 1.0.1 20.00 71.00 91.00 OK
r-patched-linux-x86_64 1.0.1 18.60 32.93 51.53 OK
r-release-linux-x86_64 1.0.1 17.56 31.59 49.15 OK
r-release-macos-arm64 1.0.1 27.00 OK
r-release-macos-x86_64 1.0.1 38.00 OK
r-release-windows-x86_64 1.0.1 24.00 79.00 103.00 OK
r-oldrel-macos-arm64 1.0.1 28.00 OK
r-oldrel-macos-x86_64 1.0.1 33.00 OK
r-oldrel-windows-x86_64 1.0.1 22.00 70.00 92.00 OK

Check Details

Version: 1.0.1
Check: Rd cross-references
Result: NOTE
    Undeclared package ‘sitmo’ in Rd xrefs
Flavor: r-devel-linux-x86_64-fedora-clang