Last updated on 2024-04-19 16:58:37 CEST.
Flavor | Version | Tinstall | Tcheck | Ttotal | Status | Flags |
---|---|---|---|---|---|---|
r-devel-linux-x86_64-debian-clang | 3.6 | 65.90 | 514.88 | 580.78 | OK | |
r-devel-linux-x86_64-debian-gcc | 3.6 | OK | ||||
r-devel-linux-x86_64-fedora-clang | 3.6 | 702.58 | NOTE | |||
r-devel-linux-x86_64-fedora-gcc | 3.6 | 688.66 | NOTE | |||
r-prerel-macos-arm64 | 3.6 | 294.00 | OK | |||
r-prerel-windows-x86_64 | 3.6 | 29.00 | 226.00 | 255.00 | OK | |
r-patched-linux-x86_64 | 3.6 | 40.55 | 481.22 | 521.77 | OK | |
r-release-linux-x86_64 | 3.6 | 29.28 | 411.19 | 440.47 | OK | |
r-release-macos-arm64 | 3.6 | 123.00 | OK | |||
r-release-macos-x86_64 | 3.6 | 265.00 | OK | |||
r-release-windows-x86_64 | 3.6 | 40.00 | 303.00 | 343.00 | OK | |
r-oldrel-macos-arm64 | 3.6 | 263.00 | OK | |||
r-oldrel-windows-x86_64 | 3.6 | 39.00 | 289.00 | 328.00 | OK |
Version: 3.6
Check: dependencies in R code
Result: NOTE
Namespace in Imports field not imported from: ‘Rcpp’
All declared Imports should be used.
Flavors: r-devel-linux-x86_64-fedora-clang, r-devel-linux-x86_64-fedora-gcc