Last updated on 2024-08-31 17:48:52 CEST.
Flavor | Version | Tinstall | Tcheck | Ttotal | Status | Flags |
---|---|---|---|---|---|---|
r-devel-linux-x86_64-debian-clang | 0.5.0 | 8.34 | 74.30 | 82.64 | NOTE | |
r-devel-linux-x86_64-debian-gcc | 0.5.0 | 5.27 | 54.24 | 59.51 | NOTE | |
r-devel-linux-x86_64-fedora-clang | 0.5.0 | 133.87 | OK | |||
r-devel-linux-x86_64-fedora-gcc | 0.5.0 | 145.77 | OK | |||
r-devel-windows-x86_64 | 0.5.0 | 9.00 | 97.00 | 106.00 | NOTE | |
r-patched-linux-x86_64 | 0.5.0 | 11.94 | 70.19 | 82.13 | OK | |
r-release-linux-x86_64 | 0.5.0 | 7.16 | 71.02 | 78.18 | OK | |
r-release-macos-arm64 | 0.5.0 | 42.00 | OK | |||
r-release-macos-x86_64 | 0.5.0 | 71.00 | OK | |||
r-release-windows-x86_64 | 0.5.0 | 10.00 | 106.00 | 116.00 | OK | |
r-oldrel-macos-arm64 | 0.5.0 | 47.00 | OK | |||
r-oldrel-macos-x86_64 | 0.5.0 | 74.00 | OK | |||
r-oldrel-windows-x86_64 | 0.5.0 | 11.00 | 112.00 | 123.00 | OK |
Version: 0.5.0
Check: Rd cross-references
Result: NOTE
Found the following Rd file(s) with Rd \link{} targets missing package
anchors:
hats_alignSpectra2D.Rd: rowDist
Please provide package anchors for all Rd \link{} targets not in the
package itself and the base packages.
Flavors: r-devel-linux-x86_64-debian-clang, r-devel-linux-x86_64-debian-gcc, r-devel-windows-x86_64