Last updated on 2023-12-10 16:51:09 CET.
Flavor | Version | Tinstall | Tcheck | Ttotal | Status | Flags |
---|---|---|---|---|---|---|
r-devel-linux-x86_64-debian-clang | 0.9.0 | 172.28 | 51.99 | 224.27 | NOTE | |
r-devel-linux-x86_64-debian-gcc | 0.9.0 | 117.34 | 39.72 | 157.06 | NOTE | |
r-devel-linux-x86_64-fedora-clang | 0.9.0 | 347.03 | NOTE | |||
r-devel-linux-x86_64-fedora-gcc | 0.9.0 | 328.59 | NOTE | |||
r-devel-windows-x86_64 | 0.9.0 | 130.00 | 91.00 | 221.00 | NOTE | |
r-patched-linux-x86_64 | 0.9.0 | 150.02 | 51.04 | 201.06 | NOTE | |
r-release-linux-x86_64 | 0.9.0 | 145.10 | 50.00 | 195.10 | NOTE | |
r-release-macos-arm64 | 0.9.0 | 81.00 | NOTE | |||
r-release-macos-x86_64 | 0.9.0 | 129.00 | NOTE | |||
r-release-windows-x86_64 | 0.9.0 | 165.00 | 103.00 | 268.00 | NOTE | |
r-oldrel-macos-arm64 | 0.9.0 | 69.00 | NOTE | |||
r-oldrel-macos-x86_64 | 0.9.0 | 120.00 | NOTE | |||
r-oldrel-windows-x86_64 | 0.9.0 | 159.00 | 96.00 | 255.00 | OK |
Version: 0.9.0
Check: C++ specification
Result: NOTE
Specified C++11: please drop specification unless essential
Flavors: r-devel-linux-x86_64-debian-clang, r-devel-linux-x86_64-debian-gcc, r-devel-linux-x86_64-fedora-clang, r-devel-linux-x86_64-fedora-gcc, r-devel-windows-x86_64, r-patched-linux-x86_64, r-release-linux-x86_64, r-release-macos-arm64, r-release-macos-x86_64, r-release-windows-x86_64
Version: 0.9.0
Check: dependencies in R code
Result: NOTE
Namespaces in Imports field not imported from:
‘RInside’ ‘circular’
All declared Imports should be used.
Flavors: r-devel-linux-x86_64-fedora-clang, r-devel-linux-x86_64-fedora-gcc, r-oldrel-macos-arm64, r-oldrel-macos-x86_64
Version: 0.9.0
Check: installed package size
Result: NOTE
installed size is 7.3Mb
sub-directories of 1Mb or more:
data 1.8Mb
libs 5.0Mb
Flavors: r-release-macos-arm64, r-release-macos-x86_64, r-oldrel-macos-arm64, r-oldrel-macos-x86_64