CRAN Package Check Results for Package CircSpaceTime

Last updated on 2022-06-27 12:53:26 CEST.

Flavor Version Tinstall Tcheck Ttotal Status Flags
r-devel-linux-x86_64-debian-clang 0.9.0 158.74 51.04 209.78 OK
r-devel-linux-x86_64-debian-gcc 0.9.0 132.28 38.70 170.98 OK
r-devel-linux-x86_64-fedora-clang 0.9.0 346.90 NOTE
r-devel-linux-x86_64-fedora-gcc 0.9.0 296.84 NOTE
r-devel-windows-x86_64 0.9.0 149.00 108.00 257.00 OK
r-patched-linux-x86_64 0.9.0 143.86 49.59 193.45 OK
r-release-linux-x86_64 0.9.0 140.23 49.18 189.41 OK
r-release-macos-arm64 0.9.0 69.00 NOTE
r-release-macos-x86_64 0.9.0 120.00 NOTE
r-release-windows-x86_64 0.9.0 140.00 107.00 247.00 OK
r-oldrel-macos-arm64 0.9.0 78.00 NOTE
r-oldrel-macos-x86_64 0.9.0 147.00 NOTE
r-oldrel-windows-ix86+x86_64 0.9.0 418.00 128.00 546.00 NOTE

Check Details

Version: 0.9.0
Check: installed package size
Result: NOTE
     installed size is 6.2Mb
     sub-directories of 1Mb or more:
     data 1.8Mb
     libs 3.8Mb
Flavors: r-devel-linux-x86_64-fedora-clang, r-release-macos-arm64, r-release-macos-x86_64, r-oldrel-macos-arm64, r-oldrel-macos-x86_64, r-oldrel-windows-ix86+x86_64

Version: 0.9.0
Check: dependencies in R code
Result: NOTE
    Namespaces in Imports field not imported from:
     ‘RInside’ ‘circular’
     All declared Imports should be used.
Flavors: r-devel-linux-x86_64-fedora-clang, r-devel-linux-x86_64-fedora-gcc, r-release-macos-arm64, r-release-macos-x86_64, r-oldrel-macos-arm64, r-oldrel-macos-x86_64