Last updated on 2024-04-19 16:58:37 CEST.
Flavor | Version | Tinstall | Tcheck | Ttotal | Status | Flags |
---|---|---|---|---|---|---|
r-devel-linux-x86_64-debian-clang | 0.1.0 | 39.71 | 29.02 | 68.73 | NOTE | |
r-devel-linux-x86_64-debian-gcc | 0.1.0 | NOTE | ||||
r-devel-linux-x86_64-fedora-clang | 0.1.0 | 89.51 | NOTE | |||
r-devel-linux-x86_64-fedora-gcc | 0.1.0 | 88.63 | NOTE | |||
r-prerel-macos-arm64 | 0.1.0 | 26.00 | NOTE | |||
r-prerel-windows-x86_64 | 0.1.0 | 27.00 | 65.00 | 92.00 | NOTE | |
r-patched-linux-x86_64 | 0.1.0 | 33.44 | 27.43 | 60.87 | NOTE | |
r-release-linux-x86_64 | 0.1.0 | 27.48 | 28.00 | 55.48 | NOTE | |
r-release-macos-arm64 | 0.1.0 | 24.00 | NOTE | |||
r-release-macos-x86_64 | 0.1.0 | 43.00 | NOTE | |||
r-release-windows-x86_64 | 0.1.0 | 33.00 | 70.00 | 103.00 | NOTE | |
r-oldrel-macos-arm64 | 0.1.0 | 24.00 | NOTE | |||
r-oldrel-windows-x86_64 | 0.1.0 | 34.00 | 69.00 | 103.00 | NOTE |
Version: 0.1.0
Check: LazyData
Result: NOTE
'LazyData' is specified without a 'data' directory
Flavors: r-devel-linux-x86_64-debian-clang, r-devel-linux-x86_64-debian-gcc, r-devel-linux-x86_64-fedora-clang, r-devel-linux-x86_64-fedora-gcc, r-prerel-macos-arm64, r-prerel-windows-x86_64, r-patched-linux-x86_64, r-release-linux-x86_64, r-release-macos-arm64, r-release-macos-x86_64, r-release-windows-x86_64, r-oldrel-macos-arm64, r-oldrel-windows-x86_64