CRAN Package Check Results for Package Ckmeans.1d.dp

Last updated on 2021-12-04 04:52:19 CET.

Flavor Version Tinstall Tcheck Ttotal Status Flags
r-devel-linux-x86_64-debian-clang 4.3.3 54.32 58.68 113.00 NOTE
r-devel-linux-x86_64-debian-gcc 4.3.3 36.22 44.97 81.19 NOTE
r-devel-linux-x86_64-fedora-clang 4.3.3 177.66 NOTE
r-devel-linux-x86_64-fedora-gcc 4.3.3 151.25 NOTE
r-devel-windows-x86_64-new-UL 4.3.3 77.00 128.00 205.00 NOTE
r-devel-windows-x86_64-new-TK 4.3.3 NOTE
r-devel-windows-x86_64-old 4.3.3 71.00 75.00 146.00 NOTE
r-patched-linux-x86_64 4.3.3 45.79 57.99 103.78 NOTE
r-release-linux-x86_64 4.3.3 41.25 58.00 99.25 NOTE
r-release-macos-arm64 4.3.3 NOTE
r-release-macos-x86_64 4.3.3 NOTE
r-release-windows-ix86+x86_64 4.3.3 133.00 136.00 269.00 NOTE
r-oldrel-macos-x86_64 4.3.3 OK
r-oldrel-windows-ix86+x86_64 4.3.3 135.00 142.00 277.00 OK

Check Details

Version: 4.3.3
Check: LazyData
Result: NOTE
     'LazyData' is specified without a 'data' directory
Flavors: r-devel-linux-x86_64-debian-clang, r-devel-linux-x86_64-debian-gcc, r-devel-linux-x86_64-fedora-clang, r-devel-linux-x86_64-fedora-gcc, r-devel-windows-x86_64-new-UL, r-devel-windows-x86_64-new-TK, r-devel-windows-x86_64-old, r-patched-linux-x86_64, r-release-linux-x86_64, r-release-macos-arm64, r-release-macos-x86_64, r-release-windows-ix86+x86_64