CRAN Package Check Results for Package ClickClust

Last updated on 2024-04-12 01:00:14 CEST.

Flavor Version Tinstall Tcheck Ttotal Status Flags
r-devel-linux-x86_64-debian-clang 1.1.6 7.38 35.97 43.35 OK
r-devel-linux-x86_64-debian-gcc 1.1.6 5.35 26.39 31.74 OK
r-devel-linux-x86_64-fedora-clang 1.1.6 51.26 NOTE
r-devel-linux-x86_64-fedora-gcc 1.1.6 50.48 NOTE
r-devel-windows-x86_64 1.1.6 8.00 58.00 66.00 OK
r-patched-linux-x86_64 1.1.6 7.62 33.82 41.44 OK
r-release-linux-x86_64 1.1.6 7.09 34.57 41.66 OK
r-release-macos-arm64 1.1.6 32.00 OK
r-release-macos-x86_64 1.1.6 50.00 OK
r-release-windows-x86_64 1.1.6 12.00 53.00 65.00 OK
r-oldrel-macos-arm64 1.1.6 25.00 OK
r-oldrel-windows-x86_64 1.1.6 12.00 56.00 68.00 OK

Check Details

Version: 1.1.6
Check: compiled code
Result: NOTE File ‘ClickClust/libs/ClickClust.so’: Found no calls to: ‘R_registerRoutines’, ‘R_useDynamicSymbols’ It is good practice to register native routines and to disable symbol search. See ‘Writing portable packages’ in the ‘Writing R Extensions’ manual. Flavors: r-devel-linux-x86_64-fedora-clang, r-devel-linux-x86_64-fedora-gcc