Last updated on 2024-04-23 08:57:41 CEST.
Flavor | Version | Tinstall | Tcheck | Ttotal | Status | Flags |
---|---|---|---|---|---|---|
r-devel-linux-x86_64-debian-clang | 0.3.3 | 8.46 | 56.30 | 64.76 | OK | |
r-devel-linux-x86_64-debian-gcc | 0.3.3 | 5.81 | 41.36 | 47.17 | OK | |
r-devel-linux-x86_64-fedora-clang | 0.3.3 | 79.35 | OK | |||
r-devel-linux-x86_64-fedora-gcc | 0.3.3 | 75.77 | OK | |||
r-prerel-macos-arm64 | 0.3.3 | 26.00 | OK | |||
r-prerel-macos-x86_64 | 0.3.3 | 7.00 | ERROR | |||
r-prerel-windows-x86_64 | 0.3.3 | 12.00 | 76.00 | 88.00 | OK | |
r-patched-linux-x86_64 | 0.3.2 | 12.98 | 53.11 | 66.09 | OK | |
r-release-linux-x86_64 | 0.3.3 | 9.21 | 52.35 | 61.56 | OK | |
r-release-macos-arm64 | 0.3.3 | 33.00 | OK | |||
r-release-macos-x86_64 | 0.3.3 | 54.00 | OK | |||
r-release-windows-x86_64 | 0.3.3 | 11.00 | 68.00 | 79.00 | OK | |
r-oldrel-macos-arm64 | 0.3.3 | 31.00 | OK | |||
r-oldrel-windows-x86_64 | 0.3.3 | 14.00 | 91.00 | 105.00 | OK |
Version: 0.3.3
Check: package dependencies
Result: ERROR
Package required but not available: ‘arrow’
See section ‘The DESCRIPTION file’ in the ‘Writing R Extensions’
manual.
Flavor: r-prerel-macos-x86_64