Last updated on 2024-03-28 15:49:43 CET.
Flavor | Version | Tinstall | Tcheck | Ttotal | Status | Flags |
---|---|---|---|---|---|---|
r-devel-linux-x86_64-debian-clang | 1.2 | 8.20 | 101.07 | 109.27 | OK | |
r-devel-linux-x86_64-debian-gcc | 1.2 | 7.65 | 74.97 | 82.62 | OK | |
r-devel-linux-x86_64-fedora-clang | 1.2 | 144.15 | OK | |||
r-devel-linux-x86_64-fedora-gcc | 1.2 | 139.41 | OK | |||
r-devel-windows-x86_64 | 1.2 | 8.00 | 115.00 | 123.00 | OK | |
r-patched-linux-x86_64 | 1.2 | 8.88 | 97.19 | 106.07 | OK | |
r-release-linux-x86_64 | 1.2 | 7.88 | 86.07 | 93.95 | ERROR | |
r-release-macos-arm64 | 1.2 | 57.00 | OK | |||
r-release-macos-x86_64 | 1.2 | 116.00 | OK | |||
r-release-windows-x86_64 | 1.2 | 11.00 | 112.00 | 123.00 | OK | |
r-oldrel-macos-arm64 | 1.2 | 58.00 | OK | |||
r-oldrel-windows-x86_64 | 1.2 | 10.00 | 116.00 | 126.00 | OK |
Version: 1.2
Check: re-building of vignette outputs
Result: ERROR
Error(s) in re-building vignettes:
...
--- re-building ‘Overview.Rmd’ using rmarkdown
Quitting from lines 46-63 [fetch] (Overview.Rmd)
Error: processing vignette 'Overview.Rmd' failed with diagnostics:
Timeout was reached: [climmob.net] Failed to connect to climmob.net port 443 after 10002 ms: Timeout was reached
--- failed re-building ‘Overview.Rmd’
SUMMARY: processing the following file failed:
‘Overview.Rmd’
Error: Vignette re-building failed.
Execution halted
Flavor: r-release-linux-x86_64