Last updated on 2024-03-28 23:55:03 CET.
Flavor | Version | Tinstall | Tcheck | Ttotal | Status | Flags |
---|---|---|---|---|---|---|
r-devel-linux-x86_64-debian-clang | 0.3.3 | 6.12 | 50.50 | 56.62 | OK | |
r-devel-linux-x86_64-debian-gcc | 0.3.3 | 4.02 | 37.61 | 41.63 | OK | |
r-devel-linux-x86_64-fedora-clang | 0.3.3 | 69.95 | NOTE | |||
r-devel-linux-x86_64-fedora-gcc | 0.3.3 | 80.61 | OK | |||
r-devel-windows-x86_64 | 0.3.3 | 6.00 | 58.00 | 64.00 | OK | |
r-patched-linux-x86_64 | 0.3.3 | 5.81 | 48.53 | 54.34 | OK | |
r-release-linux-x86_64 | 0.3.3 | 5.62 | 47.13 | 52.75 | OK | |
r-release-macos-arm64 | 0.3.3 | 36.00 | OK | |||
r-release-macos-x86_64 | 0.3.3 | 58.00 | OK | |||
r-release-windows-x86_64 | 0.3.3 | 8.00 | 61.00 | 69.00 | OK | |
r-oldrel-macos-arm64 | 0.3.3 | 30.00 | OK | |||
r-oldrel-windows-x86_64 | 0.3.3 | 8.00 | 64.00 | 72.00 | OK |
Version: 0.3.3
Check: Rd cross-references
Result: NOTE
Undeclared package ‘s2dv’ in Rd xrefs
Flavor: r-devel-linux-x86_64-fedora-clang