CRAN Package Check Results for Package ClinicalUtilityRecal

Last updated on 2024-04-16 01:01:57 CEST.

Flavor Version Tinstall Tcheck Ttotal Status Flags
r-devel-linux-x86_64-debian-clang 0.1.0 18.10 134.22 152.32 NOTE
r-devel-linux-x86_64-debian-gcc 0.1.0 14.09 102.40 116.49 NOTE
r-devel-linux-x86_64-fedora-clang 0.1.0 193.03 NOTE
r-devel-linux-x86_64-fedora-gcc 0.1.0 181.35 NOTE
r-prerel-macos-arm64 0.1.0 51.00 NOTE
r-prerel-windows-x86_64 0.1.0 13.00 106.00 119.00 NOTE
r-patched-linux-x86_64 0.1.0 11.00 131.93 142.93 NOTE
r-release-linux-x86_64 0.1.0 10.50 128.96 139.46 OK
r-release-macos-arm64 0.1.0 62.00 OK
r-release-macos-x86_64 0.1.0 91.00 OK
r-release-windows-x86_64 0.1.0 18.00 133.00 151.00 OK
r-oldrel-macos-arm64 0.1.0 51.00 OK
r-oldrel-windows-x86_64 0.1.0 18.00 134.00 152.00 OK

Check Details

Version: 0.1.0
Check: Rd files
Result: NOTE checkRd: (-1) RAWgrid.Rd:58: Lost braces 58 | {Event rate outside RAW interval, widen RAW interval}{If no or too cases are inside RAW interval [R_{l},R_{u}], cross-validation procedure may not be stable, so this warning indicates RAW interval should widen to include more cases.} | ^ checkRd: (-1) RAWgrid.Rd:58: Lost braces; missing escapes or markup? 58 | {Event rate outside RAW interval, widen RAW interval}{If no or too cases are inside RAW interval [R_{l},R_{u}], cross-validation procedure may not be stable, so this warning indicates RAW interval should widen to include more cases.} | ^ checkRd: (-1) RAWgrid.Rd:58: Lost braces; missing escapes or markup? 58 | {Event rate outside RAW interval, widen RAW interval}{If no or too cases are inside RAW interval [R_{l},R_{u}], cross-validation procedure may not be stable, so this warning indicates RAW interval should widen to include more cases.} | ^ checkRd: (-1) cvReptWtTuning.Rd:33: Lost braces; missing escapes or markup? 33 | Parameter to be selected via cross-validation. Can be either \eqn{delta} the weight assigned to observations outside the clinically relevant region [R_{l},R_{u}], or the \eqn{lambda} tuning parameter controlling exponential decay within the clinically relevant region [R_{l},R_{u}]} | ^ checkRd: (-1) cvReptWtTuning.Rd:33: Lost braces; missing escapes or markup? 33 | Parameter to be selected via cross-validation. Can be either \eqn{delta} the weight assigned to observations outside the clinically relevant region [R_{l},R_{u}], or the \eqn{lambda} tuning parameter controlling exponential decay within the clinically relevant region [R_{l},R_{u}]} | ^ checkRd: (-1) cvReptWtTuning.Rd:33: Lost braces; missing escapes or markup? 33 | Parameter to be selected via cross-validation. Can be either \eqn{delta} the weight assigned to observations outside the clinically relevant region [R_{l},R_{u}], or the \eqn{lambda} tuning parameter controlling exponential decay within the clinically relevant region [R_{l},R_{u}]} | ^ checkRd: (-1) cvReptWtTuning.Rd:33: Lost braces; missing escapes or markup? 33 | Parameter to be selected via cross-validation. Can be either \eqn{delta} the weight assigned to observations outside the clinically relevant region [R_{l},R_{u}], or the \eqn{lambda} tuning parameter controlling exponential decay within the clinically relevant region [R_{l},R_{u}]} | ^ checkRd: (-1) cvWtTuning.Rd:28: Lost braces; missing escapes or markup? 28 | Parameter to be selected via cross-validation. Can be either \eqn{delta} the weight assigned to observations outside the clinically relevant region [R_{l},R_{u}], or the \eqn{lambda} tuning parameter controlling exponential decay within the clinically relevant region [R_{l},R_{u}]} | ^ checkRd: (-1) cvWtTuning.Rd:28: Lost braces; missing escapes or markup? 28 | Parameter to be selected via cross-validation. Can be either \eqn{delta} the weight assigned to observations outside the clinically relevant region [R_{l},R_{u}], or the \eqn{lambda} tuning parameter controlling exponential decay within the clinically relevant region [R_{l},R_{u}]} | ^ checkRd: (-1) cvWtTuning.Rd:28: Lost braces; missing escapes or markup? 28 | Parameter to be selected via cross-validation. Can be either \eqn{delta} the weight assigned to observations outside the clinically relevant region [R_{l},R_{u}], or the \eqn{lambda} tuning parameter controlling exponential decay within the clinically relevant region [R_{l},R_{u}]} | ^ checkRd: (-1) cvWtTuning.Rd:28: Lost braces; missing escapes or markup? 28 | Parameter to be selected via cross-validation. Can be either \eqn{delta} the weight assigned to observations outside the clinically relevant region [R_{l},R_{u}], or the \eqn{lambda} tuning parameter controlling exponential decay within the clinically relevant region [R_{l},R_{u}]} | ^ Flavors: r-devel-linux-x86_64-debian-clang, r-devel-linux-x86_64-debian-gcc, r-devel-linux-x86_64-fedora-clang, r-devel-linux-x86_64-fedora-gcc, r-prerel-macos-arm64, r-prerel-windows-x86_64, r-patched-linux-x86_64