Last updated on 2022-06-25 16:51:45 CEST.
Flavor | Version | Tinstall | Tcheck | Ttotal | Status | Flags |
---|---|---|---|---|---|---|
r-devel-linux-x86_64-debian-clang | 1.2.6 | 75.21 | 212.70 | 287.91 | OK | |
r-devel-linux-x86_64-debian-gcc | 1.2.6 | 69.85 | 153.69 | 223.54 | OK | |
r-devel-linux-x86_64-fedora-clang | 1.2.6 | 408.55 | WARN | |||
r-devel-linux-x86_64-fedora-gcc | 1.2.6 | 390.71 | WARN | |||
r-devel-windows-x86_64 | 1.2.6 | 88.00 | 281.00 | 369.00 | OK | |
r-patched-linux-x86_64 | 1.2.6 | 60.73 | 201.58 | 262.31 | OK | |
r-release-linux-x86_64 | 1.2.6 | 63.82 | 205.11 | 268.93 | OK | |
r-release-macos-arm64 | 1.2.6 | 100.00 | NOTE | |||
r-release-macos-x86_64 | 1.2.6 | 172.00 | NOTE | |||
r-release-windows-x86_64 | 1.2.6 | 412.00 | 285.00 | 697.00 | OK | |
r-oldrel-macos-arm64 | 1.2.6 | 90.00 | NOTE | |||
r-oldrel-macos-x86_64 | 1.2.6 | 135.00 | NOTE | |||
r-oldrel-windows-ix86+x86_64 | 1.2.6 | 161.00 | 308.00 | 469.00 | OK |
Version: 1.2.6
Check: package dependencies
Result: WARN
Requires orphaned package: ‘gtools’
Flavors: r-devel-linux-x86_64-fedora-clang, r-devel-linux-x86_64-fedora-gcc
Version: 1.2.6
Check: installed package size
Result: NOTE
installed size is 6.6Mb
sub-directories of 1Mb or more:
libs 5.3Mb
Flavors: r-devel-linux-x86_64-fedora-clang, r-release-macos-arm64, r-release-macos-x86_64, r-oldrel-macos-arm64, r-oldrel-macos-x86_64