Last updated on 2023-04-02 09:56:18 CEST.
Flavor | Version | Tinstall | Tcheck | Ttotal | Status | Flags |
---|---|---|---|---|---|---|
r-devel-linux-x86_64-debian-clang | 1.3.0 | 78.13 | 213.22 | 291.35 | NOTE | |
r-devel-linux-x86_64-debian-gcc | 1.3.0 | 62.89 | 155.35 | 218.24 | NOTE | |
r-devel-linux-x86_64-fedora-clang | 1.3.0 | 358.45 | NOTE | |||
r-devel-linux-x86_64-fedora-gcc | 1.3.0 | 378.14 | NOTE | |||
r-devel-windows-x86_64 | 1.3.0 | 85.00 | 276.00 | 361.00 | NOTE | |
r-patched-linux-x86_64 | 1.3.0 | 66.35 | 200.46 | 266.81 | NOTE | |
r-release-linux-x86_64 | 1.3.0 | 69.35 | 193.73 | 263.08 | OK | |
r-release-macos-arm64 | 1.3.0 | 95.00 | NOTE | |||
r-release-macos-x86_64 | 1.3.0 | 139.00 | NOTE | |||
r-release-windows-x86_64 | 1.3.0 | 79.00 | 294.00 | 373.00 | OK | |
r-oldrel-macos-arm64 | 1.3.0 | 83.00 | NOTE | |||
r-oldrel-macos-x86_64 | 1.3.0 | 143.00 | NOTE | |||
r-oldrel-windows-ix86+x86_64 | 1.3.0 | 165.00 | 304.00 | 469.00 | OK |
Version: 1.3.0
Check: C++ specification
Result: NOTE
Specified C++11: please drop specification unless essential
Flavors: r-devel-linux-x86_64-debian-clang, r-devel-linux-x86_64-debian-gcc, r-devel-linux-x86_64-fedora-clang, r-devel-linux-x86_64-fedora-gcc, r-devel-windows-x86_64, r-patched-linux-x86_64
Version: 1.3.0
Check: installed package size
Result: NOTE
installed size is 9.1Mb
sub-directories of 1Mb or more:
libs 7.8Mb
Flavors: r-release-macos-arm64, r-release-macos-x86_64, r-oldrel-macos-arm64, r-oldrel-macos-x86_64