CRAN Package Check Results for Package ClusterR

Last updated on 2022-12-05 08:51:17 CET.

Flavor Version Tinstall Tcheck Ttotal Status Flags
r-devel-linux-x86_64-debian-clang 1.2.7 67.67 222.67 290.34 OK
r-devel-linux-x86_64-debian-gcc 1.2.8 62.06 164.35 226.41 OK
r-devel-linux-x86_64-fedora-clang 1.2.8 395.90 OK
r-devel-linux-x86_64-fedora-gcc 1.2.8 393.26 OK
r-devel-windows-x86_64 1.2.8 72.00 192.00 264.00 OK
r-patched-linux-x86_64 1.2.7 75.74 208.72 284.46 OK
r-release-linux-x86_64 1.2.8 61.51 204.62 266.13 OK
r-release-macos-arm64 1.2.8 96.00 NOTE
r-release-macos-x86_64 1.2.7 141.00 NOTE
r-release-windows-x86_64 1.2.8 135.00 312.00 447.00 OK
r-oldrel-macos-arm64 1.2.8 93.00 NOTE
r-oldrel-macos-x86_64 1.2.7 142.00 NOTE
r-oldrel-windows-ix86+x86_64 1.2.7 163.00 312.00 475.00 OK

Check Details

Version: 1.2.8
Check: installed package size
Result: NOTE
     installed size is 8.8Mb
     sub-directories of 1Mb or more:
     libs 7.6Mb
Flavors: r-release-macos-arm64, r-oldrel-macos-arm64

Version: 1.2.7
Check: installed package size
Result: NOTE
     installed size is 8.7Mb
     sub-directories of 1Mb or more:
     libs 7.5Mb
Flavors: r-release-macos-x86_64, r-oldrel-macos-x86_64