Last updated on 2023-12-05 08:55:20 CET.
Flavor | Version | Tinstall | Tcheck | Ttotal | Status | Flags |
---|---|---|---|---|---|---|
r-devel-linux-x86_64-debian-clang | 1.0.4 | 31.86 | 93.67 | 125.53 | OK | |
r-devel-linux-x86_64-debian-gcc | 1.0.4 | 24.01 | 71.46 | 95.47 | OK | |
r-devel-linux-x86_64-fedora-clang | 1.0.4 | 159.78 | NOTE | |||
r-devel-linux-x86_64-fedora-gcc | 1.0.4 | 156.82 | NOTE | |||
r-devel-windows-x86_64 | 1.0.4 | 27.00 | 106.00 | 133.00 | OK | |
r-patched-linux-x86_64 | 1.0.4 | 28.11 | 92.15 | 120.26 | OK | |
r-release-linux-x86_64 | 1.0.4 | 28.23 | 92.33 | 120.56 | OK | |
r-release-macos-arm64 | 1.0.4 | 52.00 | OK | |||
r-release-macos-x86_64 | 1.0.4 | 89.00 | OK | |||
r-release-windows-x86_64 | 1.0.4 | 33.00 | 125.00 | 158.00 | OK | |
r-oldrel-macos-arm64 | 1.0.4 | 43.00 | OK | |||
r-oldrel-macos-x86_64 | 1.0.4 | 62.00 | OK | |||
r-oldrel-windows-x86_64 | 1.0.4 | 31.00 | 126.00 | 157.00 | OK |
Version: 1.0.4
Check: compiled code
Result: NOTE
File ‘ClusterStability/libs/ClusterStability.so’:
Found no calls to: ‘R_registerRoutines’, ‘R_useDynamicSymbols’
It is good practice to register native routines and to disable symbol
search.
See ‘Writing portable packages’ in the ‘Writing R Extensions’ manual.
Flavors: r-devel-linux-x86_64-fedora-clang, r-devel-linux-x86_64-fedora-gcc